{"id":62083,"date":"2025-05-15T12:09:22","date_gmt":"2025-05-15T05:09:22","guid":{"rendered":"https:\/\/victoriavn.com\/khamtongquat\/?post_type=product&#038;p=62083"},"modified":"2025-05-15T12:09:57","modified_gmt":"2025-05-15T05:09:57","slug":"goi-kham-tong-quat-cho-tre-duoi-12-thang","status":"publish","type":"product","link":"https:\/\/victoriavn.com\/khamtongquat\/san-pham\/goi-kham-tong-quat-cho-tre-duoi-12-thang\/","title":{"rendered":"G\u00f3i Kh\u00e1m T\u1ed5ng Qu\u00e1t Cho Tr\u1ebb d\u01b0\u1edbi 12 th\u00e1ng"},"content":{"rendered":"<p>\u2013 Kh\u00e1m t\u1ea7m so\u00e1t nh\u1eefng v\u1ea5n \u0111\u1ec1 b\u1ea5t th\u01b0\u1eddng b\u1ea9m sinh<br \/>\n\u2013 \u0110\u00e1nh gi\u00e1 t\u0103ng tr\u01b0\u1edfng (c\u00e2n n\u1eb7ng, chi\u1ec1u cao,v\u00f2ng \u0111\u1ea7u v\u00e0 v\u1ebd c\u00e1c ch\u1ec9 s\u1ed1 n\u00e0y l\u00ean bi\u1ec3u \u0111\u1ed3 t\u0103ng tr\u01b0\u1edfng)<br \/>\n\u2013 \u0110\u00e1nh gi\u00e1 c\u00e1c m\u1ed1c ph\u00e1t tri\u1ec3n h\u1ec7 th\u1ea7n kinh t\u00e2m th\u1ea7n ,v\u1eadn \u0111\u1ed9ng, giao ti\u1ebfp, nh\u1eadn th\u1ee9c c\u1ee7a b\u00e9<br \/>\n\u2013 Th\u0103m kh\u00e1m to\u00e0n di\u1ec7n c\u00e1c c\u01a1 quan tim ph\u1ed5i b\u1ee5ng, tai, m\u0169i, h\u1ecdng, da li\u1ec5u<\/p>\n<p>\u2013 T\u01b0 v\u1ea5n nh\u1eefng hi\u1ec7n t\u01b0\u1ee3ng v\u00e0 v\u1ea5n \u0111\u1ec1 sinh l\u00fd \u1edf tr\u1ebb nh\u1ecf nh\u1eefng th\u00e1ng \u0111\u1ea7u \u0111\u1eddi<br \/>\n\u2013 T\u01b0 v\u1ea5n v\u00e0 h\u01b0\u1edbng d\u1eabn c\u00e1c v\u1ea5n \u0111\u1ec1 th\u01b0\u1eddng g\u1eb7p khi b\u00e9 \u0111\u1ebfn giai \u0111o\u1ea1n \u0103n d\u1eb7m, t\u1eadp th\u00f3i quen \u0103n d\u1eb7m t\u1ed1t, th\u1ef1c ph\u1ea9m t\u1ed1t v\u00e0 kh\u00f4ng t\u1ed1t cho b\u00e9<br \/>\n\u2013 H\u01b0\u1edbng d\u1eabn ch\u0103m s\u00f3c r\u0103ng mi\u1ec7ng<br \/>\n\u2013 T\u01b0 v\u1ea5n v\u00e0 gi\u1ea3i t\u1ecfa c\u00e1c v\u1ea5n \u0111\u1ec1 cha m\u1eb9 lo l\u1eafng v\u00e0 c\u1ea7n l\u01b0u \u00fd v\u1ec1 v\u1ea5n \u0111\u1ec1 b\u00fa, gi\u1ea5c ng\u1ee7 v\u00e0 v\u1eadn \u0111\u1ed9ng c\u1ee7a b\u00e9 ( v\u00ed d\u1ee5 h\u01b0\u1edbng d\u1eabn b\u00e0i t\u1eadp \u201ctummy time\u201d)<br \/>\n\u2013 T\u01b0 v\u1ea5n ch\u1ee7ng ng\u1eeba v\u00e0 dinh d\u01b0\u1ee1ng<\/p>\n","protected":false},"excerpt":{"rendered":"<p>Giai \u0111o\u1ea1n n\u00e0y b\u00e9 c\u1ea7n \u0111\u01b0\u1ee3c th\u0103m kh\u00e1m \u1edf c\u00e1c m\u1ed1c tu\u1ed5i: 2 th\u00e1ng &#8211; 4 th\u00e1ng &#8211; 6 th\u00e1ng &#8211; 9 th\u00e1ng<\/p>\n<p>Danh m\u1ee5c kh\u00e1m chi ti\u1ebft b\u00ean d\u01b0\u1edbi<\/p>\n","protected":false},"featured_media":62073,"template":"","meta":[],"product_brand":[],"product_cat":[1729],"product_tag":[1808],"class_list":{"0":"post-62083","1":"product","2":"type-product","3":"status-publish","4":"has-post-thumbnail","6":"product_cat-suc-khoe-tre-em","7":"product_tag-sieu-uu-dai-kham-gio-vang","9":"first","10":"instock","11":"shipping-taxable","12":"purchasable","13":"product-type-simple"},"_links":{"self":[{"href":"https:\/\/victoriavn.com\/khamtongquat\/wp-json\/wp\/v2\/product\/62083","targetHints":{"allow":["GET"]}}],"collection":[{"href":"https:\/\/victoriavn.com\/khamtongquat\/wp-json\/wp\/v2\/product"}],"about":[{"href":"https:\/\/victoriavn.com\/khamtongquat\/wp-json\/wp\/v2\/types\/product"}],"wp:featuredmedia":[{"embeddable":true,"href":"https:\/\/victoriavn.com\/khamtongquat\/wp-json\/wp\/v2\/media\/62073"}],"wp:attachment":[{"href":"https:\/\/victoriavn.com\/khamtongquat\/wp-json\/wp\/v2\/media?parent=62083"}],"wp:term":[{"taxonomy":"product_brand","embeddable":true,"href":"https:\/\/victoriavn.com\/khamtongquat\/wp-json\/wp\/v2\/product_brand?post=62083"},{"taxonomy":"product_cat","embeddable":true,"href":"https:\/\/victoriavn.com\/khamtongquat\/wp-json\/wp\/v2\/product_cat?post=62083"},{"taxonomy":"product_tag","embeddable":true,"href":"https:\/\/victoriavn.com\/khamtongquat\/wp-json\/wp\/v2\/product_tag?post=62083"}],"curies":[{"name":"wp","href":"https:\/\/api.w.org\/{rel}","templated":true}]}}