{"id":47268,"date":"2023-10-02T02:13:43","date_gmt":"2023-10-01T19:13:43","guid":{"rendered":"https:\/\/victoriavn.com\/khamtongquat\/?post_type=product&#038;p=47268"},"modified":"2025-01-01T19:16:11","modified_gmt":"2025-01-01T12:16:11","slug":"combo-tam-soat-ung-thu-phu-khoa","status":"publish","type":"product","link":"https:\/\/victoriavn.com\/khamtongquat\/san-pham\/combo-tam-soat-ung-thu-phu-khoa\/","title":{"rendered":"Combo T\u1ea7m So\u00e1t Ung Th\u01b0 Ph\u1ee5 Khoa"},"content":{"rendered":"<p>Combo t\u1ea7m so\u00e1t ung th\u01b0 ph\u1ee5 khoa l\u00e0 m\u1ed9t g\u00f3i d\u1ecbch v\u1ee5 y t\u1ebf t\u1ed5ng h\u1ee3p, bao g\u1ed3m c\u00e1c ki\u1ec3m tra v\u00e0 x\u00e9t nghi\u1ec7m \u0111\u1ec3 \u0111\u00e1nh gi\u00e1 s\u1ee9c kh\u1ecfe ph\u1ee5 khoa c\u1ee7a ph\u1ee5 n\u1eef.<\/p>\n<ul>\n<li>G\u00f3i t\u1ea7m so\u00e1r Ung th\u01b0 V\u00fa<\/li>\n<li>G\u00f3i Ch\u0103m s\u00f3c ph\u1ee5 khoa to\u00e0n di\u1ec7n<\/li>\n<\/ul>\n","protected":false},"excerpt":{"rendered":"<p>Combo t\u1ea7m so\u00e1t ung th\u01b0 ph\u1ee5 khoa l\u00e0 m\u1ed9t g\u00f3i d\u1ecbch v\u1ee5 y t\u1ebf t\u1ed5ng h\u1ee3p, bao g\u1ed3m c\u00e1c ki\u1ec3m tra v\u00e0 x\u00e9t nghi\u1ec7m \u0111\u1ec3 \u0111\u00e1nh gi\u00e1 s\u1ee9c kh\u1ecfe ph\u1ee5 khoa c\u1ee7a ph\u1ee5 n\u1eef.<\/p>\n<ul>\n<li>G\u00f3i t\u1ea7m so\u00e1r Ung th\u01b0 V\u00fa<\/li>\n<li>G\u00f3i Ch\u0103m s\u00f3c ph\u1ee5 khoa to\u00e0n di\u1ec7n<\/li>\n<\/ul>\n","protected":false},"featured_media":47269,"template":"","meta":[],"product_brand":[],"product_cat":[1714],"product_tag":[],"class_list":{"0":"post-47268","1":"product","2":"type-product","3":"status-publish","4":"has-post-thumbnail","6":"product_cat-uu-dai-combo-sieu-tiet-kiem","8":"first","9":"instock","10":"shipping-taxable","11":"purchasable","12":"product-type-simple"},"_links":{"self":[{"href":"https:\/\/victoriavn.com\/khamtongquat\/wp-json\/wp\/v2\/product\/47268","targetHints":{"allow":["GET"]}}],"collection":[{"href":"https:\/\/victoriavn.com\/khamtongquat\/wp-json\/wp\/v2\/product"}],"about":[{"href":"https:\/\/victoriavn.com\/khamtongquat\/wp-json\/wp\/v2\/types\/product"}],"wp:featuredmedia":[{"embeddable":true,"href":"https:\/\/victoriavn.com\/khamtongquat\/wp-json\/wp\/v2\/media\/47269"}],"wp:attachment":[{"href":"https:\/\/victoriavn.com\/khamtongquat\/wp-json\/wp\/v2\/media?parent=47268"}],"wp:term":[{"taxonomy":"product_brand","embeddable":true,"href":"https:\/\/victoriavn.com\/khamtongquat\/wp-json\/wp\/v2\/product_brand?post=47268"},{"taxonomy":"product_cat","embeddable":true,"href":"https:\/\/victoriavn.com\/khamtongquat\/wp-json\/wp\/v2\/product_cat?post=47268"},{"taxonomy":"product_tag","embeddable":true,"href":"https:\/\/victoriavn.com\/khamtongquat\/wp-json\/wp\/v2\/product_tag?post=47268"}],"curies":[{"name":"wp","href":"https:\/\/api.w.org\/{rel}","templated":true}]}}