{"id":20941,"date":"2021-06-28T13:10:14","date_gmt":"2021-06-28T06:10:14","guid":{"rendered":"https:\/\/victoriavn.com\/khamtongquat\/?post_type=product&#038;p=20941"},"modified":"2025-01-01T19:29:04","modified_gmt":"2025-01-01T12:29:04","slug":"combo-ben-nhau-an-toan","status":"publish","type":"product","link":"https:\/\/victoriavn.com\/khamtongquat\/san-pham\/combo-ben-nhau-an-toan\/","title":{"rendered":"Combo B\u00ean Nhau An To\u00e0n"},"content":{"rendered":"<p>G\u00f3i STDs (Sexually Transmitted Diseases) l\u00e0 m\u1ed9t b\u1ed9 x\u00e9t nghi\u1ec7m v\u00e0 t\u1ea7m so\u00e1t y t\u1ebf \u0111\u01b0\u1ee3c thi\u1ebft k\u1ebf \u0111\u1ec3 ki\u1ec3m tra v\u00e0 \u0111\u00e1nh gi\u00e1 s\u1ef1 hi\u1ec7n di\u1ec7n c\u1ee7a c\u00e1c b\u1ec7nh l\u00e2y truy\u1ec1n qua \u0111\u01b0\u1eddng t\u00ecnh d\u1ee5c (STDs) \u1edf ng\u01b0\u1eddi. G\u00f3i STDs th\u01b0\u1eddng \u0111\u01b0\u1ee3c th\u1ef1c hi\u1ec7n th\u00f4ng qua m\u1eabu m\u00e1u, n\u01b0\u1edbc ti\u1ec3u, ho\u1eb7c b\u1eb1ng c\u00e1ch s\u1eed d\u1ee5ng c\u1ecd b\u00f4ng \u0111\u1ec3 l\u1ea5y m\u1eabu t\u1eeb v\u00f9ng nhi\u1ec5m tr\u00f9ng (n\u1ebfu c\u1ea7n). Quy tr\u00ecnh n\u00e0y nh\u1eb1m ph\u00e1t hi\u1ec7n s\u1edbm v\u00e0 \u0111i\u1ec1u tr\u1ecb c\u00e1c STDs \u0111\u1ec3 ng\u0103n ng\u1eeba c\u00e1c bi\u1ebfn ch\u1ee9ng nghi\u00eam tr\u1ecdng, b\u1ea3o v\u1ec7 s\u1ee9c kh\u1ecfe t\u00ecnh d\u1ee5c, v\u00e0 ng\u0103n ng\u1eeba s\u1ef1 l\u00e2y truy\u1ec1n c\u1ee7a c\u00e1c b\u1ec7nh n\u00e0y cho ng\u01b0\u1eddi kh\u00e1c.<\/p>\n<p>02 G\u00f3i STDs<\/p>\n","protected":false},"excerpt":{"rendered":"<p>G\u00f3i STDs (Sexually Transmitted Diseases) l\u00e0 m\u1ed9t b\u1ed9 x\u00e9t nghi\u1ec7m v\u00e0 t\u1ea7m so\u00e1t y t\u1ebf \u0111\u01b0\u1ee3c thi\u1ebft k\u1ebf \u0111\u1ec3 ki\u1ec3m tra v\u00e0 \u0111\u00e1nh gi\u00e1 s\u1ef1 hi\u1ec7n di\u1ec7n c\u1ee7a c\u00e1c b\u1ec7nh l\u00e2y truy\u1ec1n qua \u0111\u01b0\u1eddng t\u00ecnh d\u1ee5c (STDs) \u1edf ng\u01b0\u1eddi.<\/p>\n<p>Combo ti\u1ebft ki\u1ec7m bao g\u1ed3m:<\/p>\n<p>02 G\u00f3i STDs<\/p>\n","protected":false},"featured_media":23893,"template":"","meta":[],"product_brand":[],"product_cat":[1714],"product_tag":[],"class_list":{"0":"post-20941","1":"product","2":"type-product","3":"status-publish","4":"has-post-thumbnail","6":"product_cat-uu-dai-combo-sieu-tiet-kiem","8":"first","9":"instock","10":"shipping-taxable","11":"purchasable","12":"product-type-simple"},"_links":{"self":[{"href":"https:\/\/victoriavn.com\/khamtongquat\/wp-json\/wp\/v2\/product\/20941","targetHints":{"allow":["GET"]}}],"collection":[{"href":"https:\/\/victoriavn.com\/khamtongquat\/wp-json\/wp\/v2\/product"}],"about":[{"href":"https:\/\/victoriavn.com\/khamtongquat\/wp-json\/wp\/v2\/types\/product"}],"wp:featuredmedia":[{"embeddable":true,"href":"https:\/\/victoriavn.com\/khamtongquat\/wp-json\/wp\/v2\/media\/23893"}],"wp:attachment":[{"href":"https:\/\/victoriavn.com\/khamtongquat\/wp-json\/wp\/v2\/media?parent=20941"}],"wp:term":[{"taxonomy":"product_brand","embeddable":true,"href":"https:\/\/victoriavn.com\/khamtongquat\/wp-json\/wp\/v2\/product_brand?post=20941"},{"taxonomy":"product_cat","embeddable":true,"href":"https:\/\/victoriavn.com\/khamtongquat\/wp-json\/wp\/v2\/product_cat?post=20941"},{"taxonomy":"product_tag","embeddable":true,"href":"https:\/\/victoriavn.com\/khamtongquat\/wp-json\/wp\/v2\/product_tag?post=20941"}],"curies":[{"name":"wp","href":"https:\/\/api.w.org\/{rel}","templated":true}]}}