{"id":18741,"date":"2021-03-19T22:56:28","date_gmt":"2021-03-19T15:56:28","guid":{"rendered":"https:\/\/victoriavn.com\/khamtongquat\/?post_type=product&#038;p=18741"},"modified":"2025-01-01T19:01:34","modified_gmt":"2025-01-01T12:01:34","slug":"tam-soat-ung-thu-phoi-bang-chup-ct-lieu-thap","status":"publish","type":"product","link":"https:\/\/victoriavn.com\/khamtongquat\/san-pham\/tam-soat-ung-thu-phoi-bang-chup-ct-lieu-thap\/","title":{"rendered":"T\u1ea7m so\u00e1t ung th\u01b0 ph\u1ed5i b\u1eb1ng ch\u1ee5p CT li\u1ec1u th\u1ea5p"},"content":{"rendered":"<p>T\u1ea7m so\u00e1t ung th\u01b0 ph\u1ed5i \u0111\u01b0\u1ee3c th\u1ef1c hi\u1ec7n nh\u1eb1m ph\u00e1t hi\u1ec7n s\u1edbm ung th\u01b0 ph\u1ed5i \u1edf nh\u1eefng ng\u01b0\u1eddi kh\u1ecfe m\u1ea1nh c\u00f3 nguy c\u01a1 cao b\u1ecb ung th\u01b0 ph\u1ed5i.<br \/>\nB\u00e1c s\u0129 s\u1ebd ch\u1ec9 \u0111\u1ecbnh ch\u1ee5p CT c\u1eaft l\u1edbp li\u1ec1u th\u1ea5p \u1edf ph\u1ed5i \u0111\u1ec3 t\u00ecm ung th\u01b0 ph\u1ed5i. N\u1ebfu ung th\u01b0 ph\u1ed5i \u0111\u01b0\u1ee3c ph\u00e1t hi\u1ec7n \u1edf giai \u0111o\u1ea1n \u0111\u1ea7u, b\u1ec7nh ung th\u01b0 ph\u1ed5i c\u00f3 nhi\u1ec1u kh\u1ea3 n\u0103ng \u0111\u01b0\u1ee3c ch\u1eefa kh\u1ecfi b\u1eb1ng ph\u01b0\u01a1ng ph\u00e1p \u0111i\u1ec1u tr\u1ecb.<\/p>\n<p>M\u1ee5c \u0111\u00edch c\u1ee7a t\u1ea7m so\u00e1t ung th\u01b0 ph\u1ed5i l\u00e0 gi\u00fap ph\u00e1t hi\u1ec7n ung th\u01b0 ph\u1ed5i \u1edf giai \u0111o\u1ea1n r\u1ea5t s\u1edbm &#8211; khi b\u1ec7nh c\u00f3 nhi\u1ec1u kh\u1ea3 n\u0103ng \u0111\u01b0\u1ee3c ch\u1eefa kh\u1ecfi. N\u1ebfu ung th\u01b0 ph\u1ed5i \u0111\u00e3 ph\u00e1t tri\u1ec3n \u1edf giai \u0111o\u1ea1n bi\u1ec3u hi\u1ec7n nhi\u1ec1u d\u1ea5u hi\u1ec7u, tri\u1ec7u ch\u1ee9ng b\u1ec7nh th\u00ec vi\u1ec7c \u0111i\u1ec1u tr\u1ecb ung th\u01b0 s\u1ebd g\u1eb7p nhi\u1ec1u kh\u00f3 kh\u0103n. C\u00e1c nghi\u00ean c\u1ee9u cho th\u1ea5y t\u1ea7m so\u00e1t ung th\u01b0 ph\u1ed5i \u0111\u1ecbnh k\u1ef3 gi\u00fap gi\u1ea3m nguy c\u01a1 t\u1eed vong do ung th\u01b0 ph\u1ed5i.<\/p>\n<p><strong>AI N\u00caN T\u1ea6M SO\u00c1T UNG TH\u01af PH\u1ed4I?<\/strong><br \/>\nT\u1ea7m so\u00e1t ung th\u01b0 ph\u1ed5i th\u01b0\u1eddng \u0111\u01b0\u1ee3c khuy\u1ebfn c\u00e1o cho nh\u1eefng ng\u01b0\u1eddi c\u00f3 nguy c\u01a1 cao, bao g\u1ed3m:<br \/>\n\u2022 Ng\u01b0\u1eddi h\u00fat thu\u1ed1c ho\u1eb7c \u0111\u00e3 t\u1eebng h\u00fat thu\u1ed1c t\u1eeb 55 tu\u1ed5i tr\u1edf l\u00ean.<br \/>\n\u2022 Nh\u1eefng ng\u01b0\u1eddi h\u00fat nhi\u1ec1u thu\u1ed1c l\u00e1 trong th\u1eddi gian d\u00e0i.<br \/>\n\u2022 Nh\u1eefng ng\u01b0\u1eddi t\u1eebng h\u00fat nhi\u1ec1u thu\u1ed1c l\u00e1 nh\u01b0ng \u0111\u00e3 b\u1ecf. N\u1ebfu b\u1ea1n h\u00fat r\u1ea5t nhi\u1ec1u thu\u1ed1c l\u00e1 trong m\u1ed9t th\u1eddi gian d\u00e0i v\u00e0 b\u1ea1n \u0111\u00e3 b\u1ecf thu\u1ed1c l\u00e1, b\u1ea1n c\u0169ng n\u00ean c\u00e2n nh\u1eafc vi\u1ec7c t\u1ea7m so\u00e1t ung th\u01b0 ph\u1ed5i.<br \/>\n\u2022 Nh\u1eefng ng\u01b0\u1eddi h\u00fat thu\u1ed1c th\u1ee5 \u0111\u1ed9ng (th\u01b0\u1eddng xuy\u00ean ti\u1ebfp x\u00fac ho\u1eb7c s\u1ed1ng c\u00f9ng ng\u01b0\u1eddi h\u00fat thu\u1ed1c l\u00e1);<br \/>\n\u2022 Ng\u01b0\u1eddi c\u00f3 ti\u1ec1n s\u1eed ung th\u01b0 ph\u1ed5i. N\u1ebfu b\u1ea1n \u0111\u00e3 \u0111\u01b0\u1ee3c \u0111i\u1ec1u tr\u1ecb ung th\u01b0 ph\u1ed5i c\u00e1ch \u0111\u00e2y h\u01a1n 5 n\u0103m, b\u1ea1n n\u00ean c\u00e2n nh\u1eafc vi\u1ec7c t\u1ea7m so\u00e1t ung th\u01b0 ph\u1ed5i.<br \/>\n\u2022 Nh\u1eefng ng\u01b0\u1eddi c\u00f3 ti\u1ec1n s\u1eed gia \u0111\u00ecnh m\u1eafc b\u1ec7nh ung th\u01b0 ph\u1ed5i;<br \/>\n\u2022 Nh\u1eefng ng\u01b0\u1eddi ti\u1ebfp x\u00fac v\u1edbi c\u00e1c ch\u1ea5t \u0111\u1ed9c h\u1ea1i t\u1eeb m\u00f4i tr\u01b0\u1eddng, bao g\u1ed3m kh\u00f3i thu\u1ed1c l\u00e1, ph\u00f3ng x\u1ea1, b\u1ee5i v\u00e0 h\u01a1i t\u1eeb c\u00e1c kim lo\u1ea1i kh\u00e1c nhau.<br \/>\n** \u0110\u1ed1i v\u1edbi nh\u1eefng ng\u01b0\u1eddi c\u00f3 nguy c\u01a1 cao ho\u1eb7c m\u1eafc m\u1ed9t s\u1ed1 b\u1ec7nh ph\u1ed5i m\u00e3n t\u00ednh ho\u1eb7c b\u1ecb ho dai d\u1eb3ng, n\u00ean t\u01b0 v\u1ea5n v\u1edbi chuy\u00ean gia h\u00f4 h\u1ea5p \u0111\u1ec3 \u0111\u01b0\u1ee3c ki\u1ec3m tra chuy\u00ean s\u00e2u h\u01a1n.<br \/>\n<strong>\u0110\u1ebeN TU\u1ed4I N\u00c0O C\u00d3 TH\u1ec2 NG\u01afNG T\u1ea6M SO\u00c1T UNG TH\u01af PH\u1ed4I?<\/strong><br \/>\nHi\u1ec7n nay kh\u00f4ng c\u00f3 th\u00f4ng tin nghi\u00ean c\u1ee9u khuy\u1ebfn c\u00e1o v\u1ec1 \u0111\u1ed9 tu\u1ed5i ng\u1eebng t\u1ea7m so\u00e1t ung th\u01b0 ph\u1ed5i. N\u00f3i chung, b\u1ea1n n\u00ean ti\u1ebfp t\u1ee5c t\u1ea7m so\u00e1t ung th\u01b0 ph\u1ed5i h\u00e0ng n\u0103m cho \u0111\u1ebfn khi b\u1ea1n 80 tu\u1ed5i ho\u1eb7c cho \u0111\u1ebfn khi b\u00e1c s\u0129 c\u1ee7a b\u1ea1n x\u00e1c \u0111\u1ecbnh r\u1eb1ng vi\u1ec7c t\u1ea7m so\u00e1t n\u00e0y kh\u00f4ng c\u00f2n c\u00f3 l\u1ee3i cho b\u1ea1n n\u1eefa do b\u1ea1n ph\u1ea3i \u0111i\u1ec1u tr\u1ecb b\u1ec7nh l\u00fd nghi\u00eam tr\u1ecdng kh\u00e1c.<br \/>\n<strong>CH\u1ee4P CT LI\u1ec0U TH\u1ea4P C\u00d3 R\u1ee6I RO PH\u01a0I NHI\u1ec4M B\u1ee8C X\u1ea0 KH\u00d4NG?<\/strong><br \/>\nL\u01b0\u1ee3ng b\u1ee9c x\u1ea1 CT b\u1ea1n ti\u1ebfp x\u00fac trong qu\u00e1 tr\u00ecnh ch\u1ee5p CT li\u1ec1u th\u1ea5p \u00edt h\u01a1n nhi\u1ec1u so v\u1edbi l\u01b0\u1ee3ng b\u1ee9c x\u1ea1 ch\u1ee5p CT ti\u00eau chu\u1ea9n. N\u00f3 b\u1eb1ng kho\u1ea3ng m\u1ed9t n\u1eeda l\u01b0\u1ee3ng b\u1ee9c x\u1ea1 b\u1ea1n ti\u1ebfp x\u00fac t\u1ef1 nhi\u00ean t\u1eeb m\u00f4i tr\u01b0\u1eddng trong m\u1ed9t n\u0103m.<br \/>\nTuy nhi\u00ean, k\u1ebft qu\u1ea3 CT c\u1ee7a b\u1ea1n cho th\u1ea5y c\u00f3 b\u1ea5t th\u01b0\u1eddng \u1edf m\u1ed9t trong hai ph\u1ed5i, b\u1ea1n c\u00f3 th\u1ec3 c\u1ea7n ph\u1ea3i ti\u1ebfn h\u00e0nh ch\u1ee5p CT b\u1ed5 sung, \u0111i\u1ec1u n\u00e0y c\u00f3 th\u1ec3 khi\u1ebfn b\u1ea1n ti\u1ebfp x\u00fac v\u1edbi nhi\u1ec1u l\u01b0\u1ee3ng b\u1ee9c x\u1ea1 h\u01a1n, ho\u1eb7c b\u1ea1n c\u00f3 th\u1ec3 \u0111\u01b0\u1ee3c ch\u1ec9 \u0111\u1ecbnh c\u00e1c x\u00e9t nghi\u1ec7m x\u00e2m l\u1ea5n kh\u00e1c, ch\u1eb3ng h\u1ea1n nh\u01b0 sinh thi\u1ebft\u2026<\/p>\n","protected":false},"excerpt":{"rendered":"<p>T\u1ea7m so\u00e1t ung th\u01b0 ph\u1ed5i \u0111\u01b0\u1ee3c th\u1ef1c hi\u1ec7n nh\u1eb1m ph\u00e1t hi\u1ec7n s\u1edbm ung th\u01b0 ph\u1ed5i \u1edf nh\u1eefng ng\u01b0\u1eddi kh\u1ecfe m\u1ea1nh c\u00f3 nguy c\u01a1 cao b\u1ecb ung th\u01b0 ph\u1ed5i.<br \/>\nB\u00e1c s\u0129 s\u1ebd ch\u1ec9 \u0111\u1ecbnh ch\u1ee5p CT c\u1eaft l\u1edbp li\u1ec1u th\u1ea5p \u1edf ph\u1ed5i \u0111\u1ec3 t\u00ecm ung th\u01b0 ph\u1ed5i. N\u1ebfu ung th\u01b0 ph\u1ed5i \u0111\u01b0\u1ee3c ph\u00e1t hi\u1ec7n \u1edf giai \u0111o\u1ea1n \u0111\u1ea7u, b\u1ec7nh ung th\u01b0 ph\u1ed5i c\u00f3 nhi\u1ec1u kh\u1ea3 n\u0103ng \u0111\u01b0\u1ee3c ch\u1eefa kh\u1ecfi b\u1eb1ng ph\u01b0\u01a1ng ph\u00e1p \u0111i\u1ec1u tr\u1ecb<\/p>\n","protected":false},"featured_media":24261,"template":"","meta":[],"product_brand":[],"product_cat":[1864],"product_tag":[1883],"class_list":{"0":"post-18741","1":"product","2":"type-product","3":"status-publish","4":"has-post-thumbnail","6":"product_cat-goi-kham-tam-soat-ung-thu","7":"product_tag-tamsoatut1399k","8":"wcpa_has_options","10":"first","11":"instock","12":"shipping-taxable","13":"purchasable","14":"product-type-variable"},"_links":{"self":[{"href":"https:\/\/victoriavn.com\/khamtongquat\/wp-json\/wp\/v2\/product\/18741","targetHints":{"allow":["GET"]}}],"collection":[{"href":"https:\/\/victoriavn.com\/khamtongquat\/wp-json\/wp\/v2\/product"}],"about":[{"href":"https:\/\/victoriavn.com\/khamtongquat\/wp-json\/wp\/v2\/types\/product"}],"wp:featuredmedia":[{"embeddable":true,"href":"https:\/\/victoriavn.com\/khamtongquat\/wp-json\/wp\/v2\/media\/24261"}],"wp:attachment":[{"href":"https:\/\/victoriavn.com\/khamtongquat\/wp-json\/wp\/v2\/media?parent=18741"}],"wp:term":[{"taxonomy":"product_brand","embeddable":true,"href":"https:\/\/victoriavn.com\/khamtongquat\/wp-json\/wp\/v2\/product_brand?post=18741"},{"taxonomy":"product_cat","embeddable":true,"href":"https:\/\/victoriavn.com\/khamtongquat\/wp-json\/wp\/v2\/product_cat?post=18741"},{"taxonomy":"product_tag","embeddable":true,"href":"https:\/\/victoriavn.com\/khamtongquat\/wp-json\/wp\/v2\/product_tag?post=18741"}],"curies":[{"name":"wp","href":"https:\/\/api.w.org\/{rel}","templated":true}]}}