{"id":14658,"date":"2020-10-03T21:35:26","date_gmt":"2020-10-03T14:35:26","guid":{"rendered":"https:\/\/victoriavn.com\/khamtongquat\/?post_type=product&#038;p=14658"},"modified":"2025-01-01T19:36:24","modified_gmt":"2025-01-01T12:36:24","slug":"goi-kham-tong-quat-phu-nu-tien-man-kinh","status":"publish","type":"product","link":"https:\/\/victoriavn.com\/khamtongquat\/san-pham\/goi-kham-tong-quat-phu-nu-tien-man-kinh\/","title":{"rendered":"G\u00f3i Kh\u00e1m T\u1ed5ng Qu\u00e1t Ph\u1ee5 N\u1eef Ti\u1ec1n M\u00e3n Kinh"},"content":{"rendered":"<p>Trong giai \u0111o\u1ea1n quanh m\u00e3n kinh. Bu\u1ed3ng tr\u1ee9ng ng\u01b0\u1eddi ph\u1ee5 n\u1eef ti\u1ebft ra r\u1ea5t \u00edt estrogen. N\u1ed3ng \u0111\u1ed9 estrogen c\u00f9ng v\u1edbi progesterone th\u1ea5p l\u00e0m t\u0103ng nguy c\u01a1 c\u00e1c b\u1ec7nh l\u00fd kh\u00e1c trong giai \u0111o\u1ea1n sau m\u00e3n kinh: R\u1ed1i lo\u1ea1n chuy\u1ec3n h\u00f3a, lo\u00e3ng x\u01b0\u01a1ng, b\u1ec7nh l\u00fd tim m\u1ea1ch v\u00e0 m\u1ed9t s\u1ed1 b\u1ec7nh ung th\u01b0.<\/p>\n<p>Qu\u00e1 tr\u00ecnh th\u0103m kh\u00e1m m\u00e3n kinh chuy\u00ean s\u00e2u gi\u00fap gi\u1ea3i quy\u1ebft v\u1ea5n \u0111\u1ec1 li\u00ean quan \u0111\u1ebfn m\u00e3n kinh nh\u01b0 t\u00ecnh tr\u1ea1ng b\u1ed1c h\u1ecfa,\u00a0 tri\u1ec7u ch\u1ee9ng kh\u00f4 \u00e2m \u0111\u1ea1o, vi\u00eam teo \u0111\u01b0\u1eddng ni\u1ec7u d\u1ee5c gi\u00fap c\u1ea3i thi\u1ec7n ch\u1ea5t l\u01b0\u1ee3ng cu\u1ed9c s\u1ed1ng. \u0110\u1ed3ng th\u1eddi t\u1ea7m so\u00e1t c\u00e1c nh\u00f3m b\u1ec7nh l\u00fd tim m\u1ea1ch lo\u00e3ng x\u01b0\u01a1ng, c\u0169ng nh\u01b0 c\u00e1c nh\u00f3m ung th\u01b0 ph\u1ed5 bi\u1ebfn \u1edf ph\u1ee5 n\u1eef nh\u01b0 ung th\u01b0 v\u00fa, ung th\u01b0 \u0111\u1ea1i tr\u00e0ng, ung th\u01b0 c\u1ed5 t\u1eed cung gi\u00fap t\u1ed1i \u01b0u h\u00f3a s\u1ee9c kh\u1ecfe ng\u01b0\u1eddi ph\u1ee5 n\u1eef\u00a0 trong 20 \u2013 30 sau m\u00e3n kinh.<\/p>\n<p><strong>C\u00c1C H\u1ea0NG M\u1ee4C TH\u0102M KH\u00c1M<\/strong><\/p>\n<p><strong>1\/KI\u1ec2M TRA TH\u1eca L\u1ef0C:<\/strong><\/p>\n<p>\u0110\u1ec3 t\u1ea7m so\u00e1t v\u00e0 ph\u00e1t hi\u1ec7n s\u1edbm c\u00e1c v\u1ea5n \u0111\u1ec1 v\u1ec1 th\u1ecb gi\u00e1c (B\u1ea3ng \u0111o th\u1ecb l\u1ef1c Snellen Chart gi\u00fap ki\u1ec3m tra kh\u1ea3 n\u0103ng nh\u00ecn chi ti\u1ebft c\u00e1c ch\u1eef v\u00e0 k\u00fd t\u1ef1 t\u1eeb kho\u1ea3ng c\u00e1ch nh\u1ea5t \u0111\u1ecbnh.)<\/p>\n<p><strong>2\/ KH\u00c1M PH\u1ee4 KHOA:<\/strong><\/p>\n<p>Kh\u00e1m ph\u1ee5 khoa<\/p>\n<p>T\u01b0 v\u1ea5n s\u1ee9c kh\u1ecfe ph\u1ee5 khoa v\u1edbi Bs S\u1ea3n-Ph\u1ee5 Khoa<\/p>\n<p><strong>3\/ PH\u1ebeT C\u1ed4 T\u1eec CUNG: <\/strong><\/p>\n<p>\u0110\u1ec3 t\u1ea7m so\u00e1t ung th\u01b0 c\u1ed5 t\u1eed cung nh\u1eb1m ph\u00e1t hi\u1ec7n ra nh\u1eefng bi\u1ebfn \u0111\u1ed5i c\u1ee7a ti\u1ec1n ung th\u01b0 m\u00e0 n\u1ebfu kh\u00f4ng \u0111\u01b0\u1ee3c \u0111i\u1ec1u tri s\u1ebd d\u1eabn \u0111\u1ebfn ung th\u01b0<\/p>\n<p><strong>4\/ X\u00c9T NGHI\u1ec6M \u0110\u1ecaNH T\u00cdNH HPV: <\/strong><\/p>\n<p>Virus HPV l\u00e0 nguy\u00ean nh\u00e2n ch\u00ednh g\u00e2y n\u00ean 99% c\u00e1c tr\u01b0\u1eddng h\u1ee3p ung th\u01b0 c\u1ed5 t\u1eed cung, do \u0111\u00f3 vi\u1ec7c t\u00ecm ra virus l\u00e0m t\u0103ng \u0111\u1ed9 tin c\u1eady c\u1ee7a c\u00e1c x\u00e9t nghi\u1ec7m c\u0169ng nh\u01b0 gi\u1ea3m s\u1ed1 l\u1ea7n th\u0103m kh\u00e1m t\u1ea7m so\u00e1t c\u1ee7a kh\u00e1ch h\u00e0ng<\/p>\n<p><strong>5\/ X\u00c9T NGHI\u1ec6M C\u00d4NG TH\u1ee8C M\u00c1U: <\/strong><\/p>\n<p>\u0110\u1ec3 \u0111\u00e1nh gi\u00e1 t\u1ed5ng quan s\u1ee9c kh\u1ecfe c\u1ee7a b\u1ea1n v\u00e0 ph\u00e1t hi\u1ec7n c\u00e1c r\u1ed1i lo\u1ea1n b\u1ec7nh thi\u1ebfu m\u00e1u hay b\u1ec7nh b\u1ea1ch c\u1ea7u<\/p>\n<p><strong>6\/ X\u00c9T NGHI\u1ec6M \u0110\u01af\u1edcNG HUY\u1ebeT: <\/strong><\/p>\n<p>\u2013 \u0110\u1ec3 ki\u1ec3m tra m\u1ee9c \u0111\u01b0\u1eddng huy\u1ebft c\u1ee7a b\u1ea1n c\u00f3 trong ng\u01b0\u1ee1ng \u1ed5n \u0111\u1ecbnh hay kh\u00f4ng<br \/>\n\u2013 \u0110\u1ec3 t\u1ea7m so\u00e1t, ch\u1ea9n \u0111o\u00e1n v\u00e0 theo d\u00f5i b\u1ec7nh \u0111\u00e1i th\u00e1o \u0111\u01b0\u1eddng<\/p>\n<p><strong>7\/ X\u00c9T NGHI\u1ec6M CREATININE \/ M\u00c1U: <\/strong><\/p>\n<p>\u0110\u1ec3 \u0111\u00e1nh gi\u00e1 t\u1ed5ng quan s\u1ee9c kh\u1ecfe c\u1ee7a b\u1ea1n v\u00e0 ph\u00e1t hi\u1ec7n c\u00e1c r\u1ed1i lo\u1ea1n b\u1ec7nh thi\u1ebfu m\u00e1u hay b\u1ec7nh b\u1ea1ch c\u1ea7u<\/p>\n<p><strong>8\/ B\u1ed8 M\u1ee0: <\/strong><\/p>\n<p>\u2013 \u0110\u1ec3 \u0111o l\u01b0\u1ee3ng m\u1ee1 \u201ct\u1ed1t\u201d v\u00e0 m\u1ee1 \u201cx\u1ea5u\u201d c\u00f3 trong m\u00e1u c\u1ee7a b\u1ea1n<br \/>\n\u2013 \u0110\u1ec3 t\u1ea7m so\u00e1t v\u00e0 ch\u1ea9n \u0111o\u00e1n c\u00e1c b\u1ec7nh l\u00fd kh\u00e1c nh\u01b0 b\u1ec7nh l\u00fd v\u1ec1 tim m\u1ea1ch, \u0111\u1ed9t qu\u1ef5, x\u01a1 v\u1eefa \u0111\u1ed9ng m\u1ea1ch ho\u1eb7c x\u01a1 c\u1ee9ng \u0111\u1ed9ng m\u1ea1ch.<\/p>\n<p><strong>9\/ X\u00c9T NGHI\u1ec6M MEN GAN GGT:<\/strong><\/p>\n<p>\u2013 Gi\u00fap x\u00e1c \u0111\u1ecbnh s\u1ee9c kh\u1ecfe c\u1ee7a gan b\u1eb1ng c\u00e1ch \u0111o n\u1ed3ng \u0111\u1ed9 men gan trong m\u00e1u.<br \/>\n\u2013 \u0110\u1ec3 ch\u1ea9n \u0111o\u00e1n v\u00e0 theo d\u00f5i c\u00e1c v\u1ea5n \u0111\u1ec1 v\u1ec1 gan \u0111\u1eb7c bi\u1ec7t li\u00ean quan \u0111\u1ebfn vi\u1ec7c s\u1eed d\u1ee5ng th\u1ee9c u\u1ed1ng c\u00f3 c\u1ed3n<\/p>\n<p><strong>10\/ X\u00c9T NGHI\u1ec6M MEN GAN ALT:<\/strong><\/p>\n<p>\u2013 Gi\u00fap x\u00e1c \u0111\u1ecbnh s\u1ee9c kh\u1ecfe c\u1ee7a gan b\u1eb1ng c\u00e1ch \u0111o n\u1ed3ng \u0111\u1ed9 men gan trong m\u00e1u.<br \/>\n\u2013 \u0110\u1ec3 ch\u1ea9n \u0111o\u00e1n v\u00e0 theo d\u00f5i c\u00e1c v\u1ea5n \u0111\u1ec1 v\u1ec1 gan<\/p>\n<p><strong>11\/ X\u00c9T NGHI\u1ec6M MEN GAN AST:<\/strong><\/p>\n<p>\u2013 Gi\u00fap x\u00e1c \u0111\u1ecbnh s\u1ee9c kh\u1ecfe c\u1ee7a gan b\u1eb1ng c\u00e1ch \u0111o n\u1ed3ng \u0111\u1ed9 men gan trong m\u00e1u.<br \/>\n\u2013 \u0110\u1ec3 ch\u1ea9n \u0111o\u00e1n v\u00e0 theo d\u00f5i c\u00e1c v\u1ea5n \u0111\u1ec1 v\u1ec1 gan<\/p>\n<p><strong>12\/ XN HORMON K\u00cdCH TH\u00cdCH TUY\u1ebeN GI\u00c1P<\/strong><\/p>\n<p>\u2013 \u0110\u1ec3 \u0111o l\u01b0\u1ee3ng hormone k\u00edch th\u00edch tuy\u1ebfn gi\u00e1p c\u00f3 trong m\u00e1u.<br \/>\n\u2013 \u0110\u1ec3 \u0111\u00e1nh gi\u00e1 t\u00ecnh tr\u1ea1ng ho\u1ea1t \u0111\u1ed9ng c\u1ee7a tuy\u1ebfn gi\u00e1p.<br \/>\n\u2013 \u0110\u1ec3 ch\u1ea9n \u0111o\u00e1n c\u00e1c t\u00ecnh tr\u1ea1ng r\u1ed3i lo\u1ea1n ch\u1ee9c n\u0103ng tuy\u1ebfn gi\u00e1p nh\u01b0 c\u01b0\u1eddng gi\u00e1p v\u00e0 suy gi\u00e1p.<br \/>\n\u2013 Gi\u00fap ph\u00e1t hi\u1ec7n s\u1edbm c\u00e1c r\u1ed1i lo\u1ea1n ch\u1ee9c n\u0103ng tuy\u1ebfn gi\u00e1p tr\u01b0\u1edbc khi c\u00f3 nh\u1eefng bi\u1ec3u hi\u1ec7n c\u1ee7a b\u1ec7nh<\/p>\n<p><strong>13\/ X\u00c9T NGHI\u1ec6M T\u1ed4NG PH\u00c2N T\u00cdCH N\u01af\u1edaC TI\u1ec2U<\/strong><\/p>\n<p>\u2013 X\u00e9t nghi\u1ec7m n\u01b0\u1edbc ti\u1ec1u th\u1ef1c hi\u1ec7n \u0111\u1ec3 t\u00ecm ra c\u00e1c b\u1ea5t th\u01b0\u1eddng m\u1ed9t l\u01b0\u1ee3ng d\u01b0 th\u1eeba protein, m\u00e1u, m\u1ee7, vi khu\u1ea9n v\u00e0 \u0111\u01b0\u1eddng.<br \/>\n\u2013 C\u00f3 th\u1ec3 gi\u00fap ph\u00e1t hi\u1ec7n m\u1ed9t lo\u1ea1t c\u00e1c r\u1ed1i lo\u1ea1n v\u1ec1 th\u1eadn v\u00e0 \u0111\u01b0\u1eddng ti\u1ebft ni\u1ec7u, bao g\u1ed3m b\u1ec7nh th\u1eadn m\u00e3n t\u00ednh,\u00a0 ti\u1ec3u \u0111\u01b0\u1eddng, nhi\u1ec5m tr\u00f9ng b\u00e0ng quang v\u00e0 s\u1ecfi th\u1eadn<\/p>\n<p><strong>14\/ X QUANG NG\u1ef0C TR\u01af\u1edaC SAU<\/strong>:<\/p>\n<p>\u2013 \u0110\u1ec3 ki\u1ec3m tra t\u00ecnh tr\u1ea1ng ph\u1ed5i, c\u00f3 kh\u1ea3 n\u0103ng gi\u00fap ph\u00e1t hi\u1ec7n ung th\u01b0, nhi\u1ec5m tr\u00f9ng ho\u1eb7c t\u1ee5 kh\u00ed trong khoan m\u00e0ng ph\u1ed5i (tr\u00e0n kh\u00ed m\u00e0ng ph\u1ed5i); c\u00f3 th\u1ec3 cho th\u1ea5y c\u00e1c t\u00ecnh tr\u1ea1ng ph\u1ed5i m\u00e3n t\u00ednh, nh\u01b0 kh\u00ed ph\u1ebf th\u0169ng ho\u1eb7c x\u01a1 nang, c\u0169ng nh\u01b0 c\u00e1c bi\u1ebfn ch\u1ee9ng li\u00ean quan \u0111\u1ebfn c\u00e1c t\u00ecnh tr\u1ea1ng n\u00e0y.<br \/>\n\u2013 C\u00f3 th\u1ec3 x\u00e1c \u0111\u1ecbnh c\u00e1c t\u1ed5n th\u01b0\u01a1ng c\u01a1 b\u1ea3n \u1edf ph\u1ed5i c\u00f9ng c\u00e1c v\u1ea5n \u0111\u1ec1 li\u00ean quan \u0111\u1ebfn tim; cho th\u1ea5y nh\u1eefng thay \u0111\u1ed5i v\u1ec1 k\u00edch th\u01b0\u1edbc v\u00e0 h\u00ecnh d\u1ea1ng c\u1ee7a tim t\u1eeb \u0111\u00f3 c\u00f3 th\u1ec3 ch\u1ec9 ra t\u00ecnh tr\u1ea1ng suy tim, d\u1ecbch t\u00edch xung quanh tim (tr\u00e0n d\u1ecbch m\u00e0ng tim) ho\u1eb7c c\u00e1c v\u1ea5n \u0111\u1ec1 v\u1ec1 van tim<\/p>\n<p><strong>15\/ CH\u1ee4P NH\u0168 \u1ea2NH <\/strong><\/p>\n<p>Gi\u00fap ph\u00e1t hi\u1ec7n v\u00e0 ch\u1ea9n \u0111o\u00e1n ung th\u01b0 v\u00fa .<\/p>\n<p>\u2013 Ph\u1ee5 n\u1eef t\u1eeb 40 tu\u1ed5i tr\u1edf l\u00ean n\u00ean ch\u1ee5p nh\u0169 \u1ea3nh m\u1ed7i 1 \u0111\u1ebfn 2 n\u0103m. Hi\u1ec7p h\u1ed9i Ung th\u01b0 Hoa K\u1ef3 khuy\u1ebfn ngh\u1ecb ph\u1ee5 n\u1eef n\u00ean b\u1eaft \u0111\u1ea7u t\u1ea7m so\u00e1t th\u01b0\u1eddng xuy\u00ean \u1edf \u0111\u1ed9 tu\u1ed5i sau 45. N\u1ebfu b\u1ea1n c\u00f3 ti\u1ec1n s\u1eed c\u00e1 nh\u00e2n ho\u1eb7c gia \u0111\u00ecnh b\u1ecb ung th\u01b0 v\u00fa, b\u1ea1n n\u00ean b\u1eaft \u0111\u1ea7u s\u00e0ng l\u1ecdc s\u1edbm h\u01a1n<\/p>\n<p><strong>16\/ \u0110O LO\u00c3NG X\u01af\u01a0NG DEXA:<\/strong><\/p>\n<p>\u0110o m\u1eadt \u0111\u1ed9 x\u01b0\u01a1ng c\u00f2n \u0111\u01b0\u1ee3c g\u1ecdi l\u00e0 h\u1ea5p th\u1ee5 tia X n\u0103ng l\u01b0\u1ee3ng k\u00e9p, DEXA ho\u1eb7c DXA s\u1eed d\u1ee5ng m\u1ed9t l\u01b0\u1ee3ng r\u1ea5t nh\u1ecf b\u1ee9c x\u1ea1 ion h\u00f3a \u0111\u1ec3 t\u1ea1o ra h\u00ecnh \u1ea3nh b\u00ean trong c\u01a1 th\u1ec3 th\u01b0\u1eddng \u1edf c\u00e1c v\u1ecb tr\u00ed th\u01b0\u1eddng l\u00e0 c\u1ed9t s\u1ed1ng th\u1eaft l\u01b0ng hay kh\u1edbp h\u00e1ng. K\u1ebft qu\u1ea3 \u0111\u01b0\u1ee3c s\u1eed d\u1ee5ng \u0111\u1ec3 ch\u1ea9n \u0111o\u00e1n lo\u00e3ng x\u01b0\u01a1ng, \u0111\u00e1nh gi\u00e1 nguy c\u01a1 g\u00e3y x\u01b0\u01a1ng do lo\u00e3ng x\u01b0\u01a1ng.<\/p>\n<p>DXA l\u00e0 ph\u01b0\u01a1ng ph\u00e1p \u0111\u01a1n gi\u1ea3n, nhanh ch\u00f3ng v\u00e0 kh\u00f4ng x\u00e2m l\u1ea5n. \u0110\u00e2y c\u0169ng l\u00e0 ph\u01b0\u01a1ng ph\u00e1p \u0111\u01b0\u1ee3c s\u1eed d\u1ee5ng ph\u1ed5 bi\u1ebfn nh\u1ea5t v\u00e0 ti\u00eau chu\u1ea9n nh\u1ea5t \u0111\u1ec3 ch\u1ea9n \u0111o\u00e1n b\u1ec7nh lo\u00e3ng x\u01b0\u01a1ng.<\/p>\n<p><strong>17\/ \u0110I\u1ec6N TIM \u0110\u1ed2: <\/strong><\/p>\n<p>\u2013 X\u00e9t nghi\u1ec7m \u0111\u1ec3 \u0111o ho\u1ea1t \u0111\u1ed9ng \u0111i\u1ec7n c\u1ee7a tim cho th\u1ea5y tim c\u00f3 ho\u1ea1t \u0111\u1ed9ng b\u00ecnh th\u01b0\u1eddng hay kh\u00f4ng.<\/p>\n<p>\u2013 C\u00f3 th\u1ec3 gi\u00fap ph\u00e1t hi\u1ec7n cholesterol l\u00e0m t\u1eafc ngh\u1ebdn vi\u1ec7c cungc\u1ea5p m\u00e1u cho tim c\u1ee7a b\u1ea1n, m\u1ed9t c\u01a1n \u0111au tim trong qu\u00e1 kh\u1ee9, m\u1edf r\u1ed9ng m\u1ed9t b\u00ean c\u1ee7a tim v\u00e0 nh\u1ecbp tim b\u1ea5t th\u01b0\u1eddng<\/p>\n<p><strong>18\/ SI\u00caU \u00c2M NG\u1ef0C<\/strong><\/p>\n<p>\u2013 L\u00e0 m\u1ed9t k\u1ef9 thu\u1eadt h\u00ecnh \u1ea3nh \u0111\u01b0\u1ee3c th\u1ef1c hi\u1ec7n \u0111\u1ec3 t\u1ea7m so\u00e1t c\u00e1c kh\u1ed1i u v\u00e0 c\u00e1c b\u1ea5t th\u01b0\u1eddng kh\u00e1c \u1edf v\u00fa nh\u01b0 u b\u01b0\u1edbu.<br \/>\n\u2013 C\u00f3 th\u1ec3 th\u1ef1c h\u1ec7n tr\u00ean ph\u1ee5 n\u1eef c\u1ea7n tr\u00e1nh tia ph\u00f3ng x\u1ea1 \u0111\u1ec3 ch\u1ea9n \u0111o\u00e1n v\u00e0 ki\u1ec3m tra nh\u1eefng b\u1ea5t th\u01b0\u1eddng \u1edf v\u00fa<\/p>\n<p><strong>19\/ SI\u00caU \u00c2M PH\u1ee4 KHOA QUA \u00c2M \u0110\u1ea0O <\/strong><\/p>\n<p>\u0110\u00e2y l\u00e0 lo\u1ea1i si\u00eau \u00e2m \u0111\u01b0\u1ee3c c\u00e1c b\u00e1c s\u0129 s\u1eed d\u1ee5ng \u0111\u1ec3 ki\u1ec3m tra \u0111\u00e1nh gi\u00e1 c\u00e1c c\u01a1 quan sinh s\u1ea3n, bao g\u1ed3m t\u1eed cung, \u1ed1ng d\u1eabn tr\u1ee9ng, bu\u1ed3ng tr\u1ee9ng, c\u1ed5 t\u1eed cung v\u00e0 \u00e2m \u0111\u1ea1o. C\u00e1c nguy\u00ean nh\u00e2n c\u1ea7n si\u00eau \u00e2m ph\u1ee5 khoa qua \u00e2m \u0111\u1ea1o:<\/p>\n<p>Kh\u00e1m v\u00f9ng ch\u1eadu ho\u1eb7c b\u1ee5ng b\u1ea5t th\u01b0\u1eddng<\/p>\n<p>Ch\u1ea3y m\u00e1u \u00e2m \u0111\u1ea1o kh\u00f4ng r\u00f5 nguy\u00ean nh\u00e2n<\/p>\n<p>\u0110au v\u00f9ng x\u01b0\u01a1ng ch\u1eadu<\/p>\n<p>Kh\u00f4 r\u00e1t<\/p>\n<p>Ki\u1ec3m tra u nang ho\u1eb7c u x\u01a1 t\u1eed cung<\/p>\n<p><strong>20\/ SI\u00caU \u00c2M TUY\u1ebeN GI\u00c1P <\/strong><\/p>\n<p>\u0110\u1ec3 ki\u1ec3m tra s\u1ef1 xu\u1ea5t hi\u1ec7n c\u00e1c b\u1ea5t th\u01b0\u1eddng c\u1ee7a tuy\u1ebfn gi\u00e1p nh\u01b0 c\u00e1c u nang, b\u01b0\u1edbu, kh\u1ed1i u<\/p>\n","protected":false},"excerpt":{"rendered":"<p>Trong giai \u0111o\u1ea1n quanh m\u00e3n kinh. Bu\u1ed3ng tr\u1ee9ng ng\u01b0\u1eddi ph\u1ee5 n\u1eef ti\u1ebft ra r\u1ea5t \u00edt estrogen. N\u1ed3ng \u0111\u1ed9 estrogen c\u00f9ng v\u1edbi progesterone th\u1ea5p l\u00e0m t\u0103ng nguy c\u01a1 c\u00e1c b\u1ec7nh l\u00ed kh\u00e1c trong giai \u0111o\u1ea1n sau m\u00e3n kinh: R\u1ed1i lo\u1ea1n chuy\u1ec3n h\u00f3a, lo\u00e3ng x\u01b0\u01a1ng, b\u1ec7nh l\u00ed tim m\u1ea1ch v\u00e0 m\u1ed9t s\u1ed1 b\u1ec7nh ung th\u01b0.<\/p>\n<p>Qu\u00e1 tr\u00ecnh th\u0103m kh\u00e1m m\u00e3n kinh chuy\u00ean s\u00e2u gi\u00fap gi\u1ea3i quy\u1ebft v\u1ea5n \u0111\u1ec1 li\u00ean quan \u0111\u1ebfn m\u00e3n kinh nh\u01b0 t\u00ecnh tr\u1ea1ng b\u1ed1c h\u1ecfa,\u00a0 tri\u1ec7u ch\u1ee9ng kh\u00f4 \u00e2m \u0111\u1ea1o, vi\u00eam teo \u0111\u01b0\u1eddng ni\u1ec7u d\u1ee5c gi\u00fap c\u1ea3i thi\u1ec7n ch\u1ea5t l\u01b0\u1ee3ng cu\u1ed9c s\u1ed1ng. \u0110\u1ed3ng th\u1eddi t\u1ea7m so\u00e1t c\u00e1c nh\u00f3m b\u1ec7nh l\u00ed tim m\u1ea1ch lo\u00e3ng x\u01b0\u01a1ng, c\u0169ng nh\u01b0 c\u00e1c nh\u00f3m ung th\u01b0 ph\u1ed5 bi\u1ebfn \u1edf ph\u1ee5 n\u1eef nh\u01b0 ung th\u01b0 v\u00fa, ung th\u01b0 \u0111\u1ea1i tr\u00e0ng, ung th\u01b0 c\u1ed5 t\u1eed cung gi\u00fap t\u1ed1i \u01b0u h\u00f3a s\u1ee9c kh\u1ecfe ng\u01b0\u1eddi ph\u1ee5 n\u1eef\u00a0 trong 20 \u2013 30 sau m\u00e3n kinh.<\/p>\n","protected":false},"featured_media":23686,"template":"","meta":[],"product_brand":[],"product_cat":[1710],"product_tag":[1808],"class_list":{"0":"post-14658","1":"product","2":"type-product","3":"status-publish","4":"has-post-thumbnail","6":"product_cat-suc-khoe-phu-nu","7":"product_tag-sieu-uu-dai-kham-gio-vang","9":"first","10":"instock","11":"shipping-taxable","12":"purchasable","13":"product-type-variable"},"_links":{"self":[{"href":"https:\/\/victoriavn.com\/khamtongquat\/wp-json\/wp\/v2\/product\/14658","targetHints":{"allow":["GET"]}}],"collection":[{"href":"https:\/\/victoriavn.com\/khamtongquat\/wp-json\/wp\/v2\/product"}],"about":[{"href":"https:\/\/victoriavn.com\/khamtongquat\/wp-json\/wp\/v2\/types\/product"}],"wp:featuredmedia":[{"embeddable":true,"href":"https:\/\/victoriavn.com\/khamtongquat\/wp-json\/wp\/v2\/media\/23686"}],"wp:attachment":[{"href":"https:\/\/victoriavn.com\/khamtongquat\/wp-json\/wp\/v2\/media?parent=14658"}],"wp:term":[{"taxonomy":"product_brand","embeddable":true,"href":"https:\/\/victoriavn.com\/khamtongquat\/wp-json\/wp\/v2\/product_brand?post=14658"},{"taxonomy":"product_cat","embeddable":true,"href":"https:\/\/victoriavn.com\/khamtongquat\/wp-json\/wp\/v2\/product_cat?post=14658"},{"taxonomy":"product_tag","embeddable":true,"href":"https:\/\/victoriavn.com\/khamtongquat\/wp-json\/wp\/v2\/product_tag?post=14658"}],"curies":[{"name":"wp","href":"https:\/\/api.w.org\/{rel}","templated":true}]}}