{"id":10366,"date":"2020-05-11T14:44:04","date_gmt":"2020-05-11T07:44:04","guid":{"rendered":"https:\/\/www.victoriavn.com\/khamtongquat\/?post_type=product&#038;p=10366"},"modified":"2025-12-15T16:10:15","modified_gmt":"2025-12-15T09:10:15","slug":"goi-tam-soat-ung-thu-vom-hong","status":"publish","type":"product","link":"https:\/\/victoriavn.com\/khamtongquat\/san-pham\/goi-tam-soat-ung-thu-vom-hong\/","title":{"rendered":"T\u1ea7m so\u00e1t ung th\u01b0 V\u00f2m h\u1ecdng"},"content":{"rendered":"<table width=\"837\">\n<tbody>\n<tr>\n<td width=\"223\"><strong>\u0110i\u1ec1u d\u01b0\u1ee1ng ki\u1ec3m tra<\/strong><\/td>\n<td width=\"614\"><\/td>\n<\/tr>\n<tr>\n<td width=\"223\">\u0110o ch\u1ec9 s\u1ed1 sinh hi\u1ec7u<\/td>\n<td width=\"614\">&#8211; \u0110o ch\u1ec9 s\u1ed1 chi\u1ec1u cao, c\u00e2n n\u1eb7ng, th\u00e2n nhi\u1ec7t, m\u1ea1ch v\u00e0 huy\u1ebft \u00e1p. Vi\u1ec7c th\u1ef1c hi\u1ec7n nh\u1eb1m \u0111\u1ec3 ph\u00e1t hi\u1ec7n c\u00e1c v\u1ea5n \u0111\u1ec1 b\u1ec7nh l\u00fd ti\u1ec3m \u1ea9n v\u00e0 \u0111\u1ec3 ch\u1ec9 \u0111\u1ecbnh thu\u1ed1c \u0111\u00fang li\u1ec1u l\u01b0\u1ee3ng<\/td>\n<\/tr>\n<tr>\n<td width=\"223\"><strong>X\u00e9t nghi\u1ec7m<\/strong><\/td>\n<td width=\"614\"><\/td>\n<\/tr>\n<tr>\n<td width=\"223\">X\u00e9t nghi\u1ec7m EBV- PCR<br \/>\n(X\u00e9t nghi\u1ec7m Epstein-Barr Virus)<\/td>\n<td width=\"614\">&#8211; Gi\u00fap ph\u00e1t hi\u1ec7n s\u1ef1 c\u00f3 m\u1eb7t c\u1ee7a c\u00e1c kh\u00e1ng th\u1ec3 gi\u00fap t\u1ea7m so\u00e1t, ch\u1ea9n \u0111o\u00e1n b\u1ec7nh ung th\u01b0 v\u00f2m h\u1ecdng.<br \/>\n&#8211; \u0110\u01b0\u1ee3c bi\u1ebft \u0111\u1ebfn v\u1edbi t\u00ean \u201cb\u1ec7nh n\u1ee5 h\u00f4n\u201d l\u00e2y truy\u1ec1n qua n\u01b0\u1edbc b\u1ecdt. EBV l\u00e0 m\u1ed9t trong nh\u1eefng lo\u1ea1i virus herpes; l\u00e0m t\u0103ng nguy c\u01a1 ung th\u01b0 v\u00f2m h\u1ecdng (ung th\u01b0 v\u00f9ng sau m\u0169i)<\/td>\n<\/tr>\n<tr>\n<td width=\"223\">Ch\u1ea9n \u0111o\u00e1n h\u00ecnh \u1ea3nh<\/td>\n<td width=\"614\"><\/td>\n<\/tr>\n<tr>\n<td width=\"223\">N\u1ed9i soi Tai M\u0169i H\u1ecdng<\/td>\n<td width=\"614\">&#8211; B\u00e1c s\u0129 d\u1ec5 d\u00e0ng quan s\u00e1t tr\u1ef1c ti\u1ebfp v\u00e0 r\u00f5 n\u00e9t c\u00e1c ng\u00f3c ng\u00e1ch b\u00ean trong v\u00f9ng tai m\u0169i h\u1ecdng ph\u00e1t hi\u1ec7n c\u00e1c tri\u1ec7u ch\u1ee9ng b\u1ea5t th\u01b0\u1eddng<\/td>\n<\/tr>\n<tr>\n<td><strong>Kh\u00e1m\u00a0 &amp; t\u01b0 v\u1ea5n v\u1edbi b\u00e1c s\u0129 Tai &#8211; M\u0169i &#8211; H\u1ecdng<\/strong><\/td>\n<td width=\"614\"><\/td>\n<\/tr>\n<tr>\n<td width=\"223\">Kh\u00e1m &amp; t\u01b0 v\u1ea5n<\/td>\n<td width=\"614\">B\u00e1c s\u0129 s\u1ebd ki\u1ec3m tra khu\u00f4n m\u1eb7t, t\u1ea1i, m\u0169i, h\u1ecdng v\u00e0 c\u1ed5<\/td>\n<\/tr>\n<\/tbody>\n<\/table>\n","protected":false},"excerpt":{"rendered":"<p>Hi\u1ec7u qu\u1ea3 c\u1ee7a vi\u1ec7c t\u1ea7m so\u00e1t s\u01b0c kh\u1ecfe?<br \/>\nT\u1ea7m so\u00e1t gi\u00fap ph\u00e1t hi\u1ec7n s\u1edbm c\u00e1c v\u1ea5n \u0111\u1ec1 b\u1ea5t tr\u01b0\u1eddng, tr\u01b0\u1edbc khi chuy\u1ec3n th\u00e0nh b\u1ec7nh ho\u1eb7c ph\u00e1t hi\u1ec7n b\u1ec7nh \u1edf giai \u0111o\u1ea1n s\u1edbm khi ch\u01b0a c\u00f3 bi\u1ec3u hi\u1ec7n ra b\u00ean ngo\u00e0i nh\u1edd \u0111\u00f3 mang l\u1ea1i hi\u1ec7u qu\u1ea3 \u0111i\u1ec1u tr\u1ecb cao v\u00e0 gi\u1ea3m \u0111\u01b0\u1ee3c r\u1ee7i ro ph\u00e1t tri\u1ec3n c\u1ee7a c\u00e1c bi\u1ebfn ch\u1ee9ng do b\u1ec7nh g\u00e2y ra.<\/p>\n<p>B\u00e1c s\u0129 Tai M\u0169i H\u1ecdng ch\u1ea9n \u0111o\u00e1n b\u1ec7nh g\u00ec?<br \/>\nB\u00e1c s\u0129 TMH c\u00f3 th\u1ec3 ch\u1ea9n \u0111o\u00e1n, ki\u1ec3m so\u00e1t, v\u00e0 \u0111i\u1ec1u tr\u1ecb c\u00e1c b\u1ec7nh li\u00ean quan \u0111\u1ebfn TMH thu\u1ed9c v\u00f9ng \u0111\u1ea7u, c\u1ed5; c\u00e1c v\u1ea5n \u0111\u1ec1 v\u1ec1 d\u00e2y th\u1ea7n kinh thu\u1ed9c v\u00f9ng \u0111\u1ea7u, c\u1ed5 ki\u1ec3m so\u00e1t th\u1ecb gi\u00e1c, kh\u1ee9u gi\u00e1c, th\u00ednh gi\u00e1c v\u00e0 c\u00e1c chuy\u1ec3n \u0111\u1ed9ng c\u1ee7a khu\u00f4n m\u1eb7t.<\/p>\n","protected":false},"featured_media":24250,"template":"","meta":[],"product_brand":[],"product_cat":[1864],"product_tag":[1808,1878],"class_list":{"0":"post-10366","1":"product","2":"type-product","3":"status-publish","4":"has-post-thumbnail","6":"product_cat-goi-kham-tam-soat-ung-thu","7":"product_tag-sieu-uu-dai-kham-gio-vang","8":"product_tag-tuan-le-suc-khoe-cua-toi","10":"first","11":"instock","12":"shipping-taxable","13":"purchasable","14":"product-type-variable"},"_links":{"self":[{"href":"https:\/\/victoriavn.com\/khamtongquat\/wp-json\/wp\/v2\/product\/10366","targetHints":{"allow":["GET"]}}],"collection":[{"href":"https:\/\/victoriavn.com\/khamtongquat\/wp-json\/wp\/v2\/product"}],"about":[{"href":"https:\/\/victoriavn.com\/khamtongquat\/wp-json\/wp\/v2\/types\/product"}],"wp:featuredmedia":[{"embeddable":true,"href":"https:\/\/victoriavn.com\/khamtongquat\/wp-json\/wp\/v2\/media\/24250"}],"wp:attachment":[{"href":"https:\/\/victoriavn.com\/khamtongquat\/wp-json\/wp\/v2\/media?parent=10366"}],"wp:term":[{"taxonomy":"product_brand","embeddable":true,"href":"https:\/\/victoriavn.com\/khamtongquat\/wp-json\/wp\/v2\/product_brand?post=10366"},{"taxonomy":"product_cat","embeddable":true,"href":"https:\/\/victoriavn.com\/khamtongquat\/wp-json\/wp\/v2\/product_cat?post=10366"},{"taxonomy":"product_tag","embeddable":true,"href":"https:\/\/victoriavn.com\/khamtongquat\/wp-json\/wp\/v2\/product_tag?post=10366"}],"curies":[{"name":"wp","href":"https:\/\/api.w.org\/{rel}","templated":true}]}}