{"id":10363,"date":"2020-05-11T14:38:06","date_gmt":"2020-05-11T07:38:06","guid":{"rendered":"https:\/\/www.victoriavn.com\/khamtongquat\/?post_type=product&#038;p=10363"},"modified":"2025-04-23T11:21:46","modified_gmt":"2025-04-23T04:21:46","slug":"goi-tam-soat-va-phat-hien-som-ung-thu-vu","status":"publish","type":"product","link":"https:\/\/victoriavn.com\/khamtongquat\/san-pham\/goi-tam-soat-va-phat-hien-som-ung-thu-vu\/","title":{"rendered":"G\u00f3i t\u1ea7m so\u00e1t Ung th\u01b0 V\u00fa"},"content":{"rendered":"<p><strong>\u0110O CH\u1ec8 S\u1ed0 SINH HI\u1ec6U<\/strong><\/p>\n<p>Ki\u1ec3m tra c\u00e1c ch\u1ec9 s\u1ed1 s\u1ee9c kh\u1ecfe t\u1ed5ng qu\u00e1t: \u0110o ch\u1ec9 s\u1ed1 chi\u1ec1u cao, c\u00e2n n\u1eb7ng, th\u00e2n nhi\u1ec7t, m\u1ea1ch v\u00e0 huy\u1ebft \u00e1p.<\/p>\n<p><strong>CH\u1ea8N \u0110O\u00c1N H\u00ccNH \u1ea2NH<\/strong><\/p>\n<p>Ch\u1ee5p nh\u0169 \u1ea3nh: L\u00e0 ph\u01b0\u01a1ng ph\u00e1p t\u1ed1t nh\u1ea5t hi\u1ec7n nay nh\u1eb1m t\u00ecm ra c\u00e1c t\u1ed5n th\u01b0\u01a1ng ung th\u01b0 trong giai \u0111o\u1ea1n s\u1edbm v\u00e0 l\u00e0m gi\u1ea3m thi\u1ec3u t\u1ef7 l\u1ec7 t\u1eed vong do ung th\u01b0 v\u00fa.<br \/>\nSi\u00eau \u00e2m ng\u1ef1c: Gi\u00fap h\u1ed7 tr\u1ee3 ch\u1ea9n \u0111o\u00e1n trong tr\u01b0\u1eddng h\u1ee3p nghi ng\u1edd v\u00e0 t\u00ecm ra c\u00e1c t\u1ed5n th\u01b0\u01a1ng kh\u00e1c m\u00e0 nh\u0169 \u1ea3nh kh\u00f4ng th\u1ea5y \u0111\u01b0\u1ee3c.<\/p>\n<p><strong>KH\u00c1M &amp; T\u01af V\u1ea4N V\u1edaI B\u00c1C S\u0128 CHUY\u00caN KHOA<\/strong><\/p>\n<p>Kh\u00e1m v\u00e0 t\u01b0 v\u1ea5n l\u1ef1a ch\u1ecdn c\u00e1c x\u00e9t nghi\u1ec7m ph\u00f9 h\u1ee3p v\u1edbi t\u1eebng c\u00e1 nh\u00e2n<\/p>\n<p><strong>NH\u1eeeNG TH\u00d4NG TIN C\u1ea6N BI\u1ebeT<\/strong><\/p>\n<p><em><strong>Khi n\u00e0o b\u1ea1n n\u00ean t\u1ea7m so\u00e1t ung th\u01b0 v\u00fa?<\/strong><\/em><br \/>\nPh\u1ee5 n\u1eef \u0111\u1ed9 tu\u1ed5i t\u1eeb 40 \u0111\u1ebfn 44 n\u1ebfu c\u00f3 mong mu\u1ed1n h\u1ecd c\u00f3 th\u1ec3 b\u1eaft \u0111\u1ea7u vi\u1ec7c t\u1ea7m so\u00e1t ung th\u01b0 v\u00fa h\u00e0ng n\u0103m b\u1eb1ng ph\u01b0\u01a1ng ph\u00e1p ch\u1ee5p nh\u0169 \u1ea3nh (ch\u1ee5p X quang v\u00fa). Ph\u1ee5 n\u1eef \u0111\u1ed9 tu\u1ed5i t\u1eeb 45 \u0111\u1ebfn 54 n\u00ean ch\u1ee5p nh\u0169 \u1ea3nh h\u00e0ng n\u0103m. Ph\u1ee5 n\u1eef t\u1eeb 55 tu\u1ed5i n\u00ean chuy\u1ec3n sang ch\u1ee5p nh\u0169 \u1ea3nh m\u1ed7i hai n\u0103m ho\u1eb7c c\u0169ng c\u00f3 th\u1ec3 ti\u1ebfp t\u1ee5c chu k\u1ef3 h\u00e0ng n\u0103m.<br \/>\n<em><strong>T\u1ea1i sao ch\u1ee5p nh\u0169 \u1ea3nh l\u1ea1i quan tr\u1ecdng?<\/strong><\/em><br \/>\nCh\u1ee5p nh\u0169 \u1ea3nh c\u00f3 th\u1ec3 gi\u00fap ph\u00e1t hi\u1ec7n s\u1edbm ung th\u01b0 v\u00fa \u2013 giai \u0111o\u1ea1n c\u00f3 th\u1ec3 \u0111i\u1ec1u tr\u1ecb \u0111\u01b0\u1ee3c \u2013 r\u1ea5t l\u00e2u tr\u01b0\u1edbc khi c\u00f3 th\u1ec3 c\u1ea3m nh\u1eadn \u0111\u01b0\u1ee3c s\u1ef1 thay \u0111\u1ed5i v\u1ec1 v\u00fa. Vi\u1ec7c n\u00e0y gi\u00fap t\u0103ng t\u1ef7 l\u1ec7 s\u1ed1ng s\u00f3t v\u00e0 tr\u00e1nh \u0111\u01b0\u1ee3c vi\u1ec7c \u0111i\u1ec1u tr\u1ecb can thi\u1ec7p s\u00e2u.<\/p>\n<p><strong>\u0110I\u1ec0U G\u00cc HI\u1ec2N TH\u1eca TRONG SI\u00caU \u00c2M V\u00da M\u00c0 CH\u1ee4P NH\u0168 \u1ea2NH KH\u00d4NG TH\u1ec2 TH\u1ec2 HI\u1ec6N?<\/strong><\/p>\n<p>Si\u00eau \u00e2m v\u00fa l\u00e0 ch\u1ea9n \u0111o\u00e1n gi\u00fap ph\u00e2n bi\u1ec7t u nang l\u1ecfng l\u00e0nh t\u00ednh v\u1edbi kh\u1ed1i u r\u1eafn trong v\u00fa. Hi\u1ec7u qu\u1ea3 trong vi\u1ec7c \u0111\u00e1nh gi\u00e1 v\u1ec1 m\u1eb7t c\u1ee7a kh\u1ed1i u.<br \/>\nCh\u1ee5p nh\u0169 \u1ea3nh c\u00f3 hi\u1ec7u qu\u1ea3 v\u1ec1 m\u1eb7t s\u00e0ng l\u1ecdc, c\u00f3 kh\u1ea3 n\u0103ng ph\u00e1t hi\u1ec7n nh\u1eefng b\u1ea5t th\u01b0\u1eddng t\u1ed1t h\u01a1n \u1edf c\u00e1c l\u1edbp bi\u1ec3u b\u00ec s\u00e2u trong tuy\u1ebfn v\u00fa.<\/p>\n","protected":false},"excerpt":{"rendered":"<p>T\u1ea7m so\u00e1t c\u00f3 ngh\u0129a l\u00e0 ngh\u0129a l\u00e0 vi\u1ec7c ki\u1ec3m tra th\u0103m kh\u00e1m th\u01b0\u1eddng xuy\u00ean nh\u1eb1m t\u00ecm ra ung th\u01b0 trong giai \u0111o\u1ea1n s\u1edbm khi ch\u01b0a c\u00f3 tri\u1ec7u ch\u1ee9ng c\u01a1 th\u1ec3. Vi\u1ec7c th\u1ef1c hi\u1ec7n c\u00e1c x\u00e9t nghi\u1ec7m t\u1ea7m so\u00e1t \u0111\u1ecbnh k\u1ef3 gi\u00fap t\u00ecm ra ung th\u01b0 v\u00fa, ung th\u01b0 c\u1ed5 t\u1eed cung l\u00e0 m\u1ed9t trong s\u1ed1 \u00edt c\u00e1c ung th\u01b0 c\u00f3 th\u1ec3 ph\u00e1t hi\u1ec7n ra \u0111\u01b0\u1ee3c trong giai \u0111o\u1ea1n s\u1edbm, khi m\u00e0 vi\u1ec7c \u0111i\u1ec1u tr\u1ecb mang l\u1ea1i hi\u1ec7u qu\u1ea3 cao nh\u1ea5t.<\/p>\n<p>V\u1edbi nh\u1eefng khuy\u1ebfn c\u00e1o hi\u1ec7n nay t\u1ea7m so\u00e1t ung th\u01b0 v\u00fa n\u00ean th\u1ef1c hi\u1ec7n b\u1eb1ng nh\u0169 \u1ea3nh (ch\u1ee5p Xquang v\u00fa) v\u00e0 b\u1eaft \u0111\u1ea7u \u1edf ph\u1ee5 n\u1eef \u0111\u1ed9 tu\u1ed5i t\u1eeb 40 tu\u1ed5i tr\u1edf l\u00ean ho\u1eb7c s\u1edbm h\u01a1n v\u1edbi c\u00e1 nh\u00e2n c\u00f3 ti\u1ec1n s\u1eed gia \u0111\u00ecnh \u0111\u1eb7c bi\u1ec7t<\/p>\n","protected":false},"featured_media":23688,"template":"","meta":[],"product_brand":[],"product_cat":[1864,1810,1710],"product_tag":[1879,1878],"class_list":{"0":"post-10363","1":"product","2":"type-product","3":"status-publish","4":"has-post-thumbnail","6":"product_cat-goi-kham-tam-soat-ung-thu","7":"product_cat-goi-kham-tong-quat-duoc-lua-chon-nhieu-nhat-tai-victoria-healthcare","8":"product_cat-suc-khoe-phu-nu","9":"product_tag-acb","10":"product_tag-tuan-le-suc-khoe-cua-toi","12":"first","13":"instock","14":"shipping-taxable","15":"purchasable","16":"product-type-variable"},"_links":{"self":[{"href":"https:\/\/victoriavn.com\/khamtongquat\/wp-json\/wp\/v2\/product\/10363","targetHints":{"allow":["GET"]}}],"collection":[{"href":"https:\/\/victoriavn.com\/khamtongquat\/wp-json\/wp\/v2\/product"}],"about":[{"href":"https:\/\/victoriavn.com\/khamtongquat\/wp-json\/wp\/v2\/types\/product"}],"wp:featuredmedia":[{"embeddable":true,"href":"https:\/\/victoriavn.com\/khamtongquat\/wp-json\/wp\/v2\/media\/23688"}],"wp:attachment":[{"href":"https:\/\/victoriavn.com\/khamtongquat\/wp-json\/wp\/v2\/media?parent=10363"}],"wp:term":[{"taxonomy":"product_brand","embeddable":true,"href":"https:\/\/victoriavn.com\/khamtongquat\/wp-json\/wp\/v2\/product_brand?post=10363"},{"taxonomy":"product_cat","embeddable":true,"href":"https:\/\/victoriavn.com\/khamtongquat\/wp-json\/wp\/v2\/product_cat?post=10363"},{"taxonomy":"product_tag","embeddable":true,"href":"https:\/\/victoriavn.com\/khamtongquat\/wp-json\/wp\/v2\/product_tag?post=10363"}],"curies":[{"name":"wp","href":"https:\/\/api.w.org\/{rel}","templated":true}]}}