{"id":1974,"date":"2023-02-16T16:13:53","date_gmt":"2023-02-16T09:13:53","guid":{"rendered":"https:\/\/victoriavn.com\/e-voucher\/?page_id=1974"},"modified":"2023-02-26T12:08:05","modified_gmt":"2023-02-26T05:08:05","slug":"hoi-thao-suc-khoe","status":"publish","type":"page","link":"https:\/\/victoriavn.com\/e-voucher\/hoi-thao-suc-khoe\/","title":{"rendered":"H\u1ed8I TH\u1ea2O S\u1ee8C KHO\u1eba"},"content":{"rendered":"\t<section class=\"section\" id=\"section_557357836\">\n\t\t<div class=\"bg section-bg fill bg-fill  bg-loaded\" >\n\n\t\t\t\n\t\t\t\n\t\t\t\n\n\t\t<\/div>\n\n\t\t<div class=\"section-content relative\">\n\t\t\t\n<p>C\u1ea3m \u01a1n qu\u00fd kh\u00e1ch \u0111\u00e3 \u0111\u0103ng k\u00fd tham gia ch\u01b0\u01a1ng tr\u00ecnh: <strong>H\u1ed8I TH\u1ea2O S\u1ee8C KHO\u1eba<br \/><\/strong><\/p>\n<p>Chuy\u00ean \u0111\u1ec1 <strong>&#8220;UNG TH\u01af \u0110\u1ea0I TR\u00c0NG C\u00d3 TH\u1ec2 PH\u00d2NG NG\u1eeaA&#8221;<\/strong><\/p>\n<ul>\n<li>Di\u1ec5n gi\u1ea3: Bs. Nguy\u1ec5n V\u0129nh T\u01b0\u1eddng &#8211; Nh\u00e0 s\u00e1ng l\u1eadp\/ Gi\u00e1m \u0110\u1ed1c Y Khoa\/ B\u00e1c s\u0129 chuy\u00ean khoa N\u1ed9i soi &#8211; Ti\u00eau ho\u00e1 &#8211; Gan M\u1eadt h\u1ec7 th\u1ed1ng ph\u00f2ng kh\u00e1m \u0111a khoa Victoria Healthcare<\/li>\n<li>Th\u1eddi gian: 08h30 &#8211; 11h00, s\u00e1ng Ch\u1ee7 Nh\u1eadt 26\/02\/2023<\/li>\n<li>\u0110\u1ecba \u0111i\u1ec3m: <span style=\"color: #ff0000;\"><strong>37 &#8211; 39 L\u01b0\u01a1ng \u0110\u00ecnh C\u1ee7a, P. An Kh\u00e1nh, TP. Th\u1ee7 \u0110\u1ee9c (khu v\u1ef1c Q2 c\u0169), TPHCM<\/strong><\/span><\/li>\n<\/ul>\n<blockquote>\n<p><span style=\"font-size: 120%;\">CH\u01af\u01a0NG TRINH \u0110\u00c3 H\u1ebeT H\u1ea0N \u0110\u0102NG K\u00dd<\/span><\/p>\n<\/blockquote>\n\t\t<\/div>\n\n\t\t\n<style>\n#section_557357836 {\n  padding-top: 0px;\n  padding-bottom: 0px;\n}\n<\/style>\n\t<\/section>\n\t\n\n<div class=\"wpcf7 no-js\" id=\"wpcf7-f1983-o1\" lang=\"vi-VN\" dir=\"ltr\">\n<div class=\"screen-reader-response\"><p role=\"status\" aria-live=\"polite\" aria-atomic=\"true\"><\/p> <ul><\/ul><\/div>\n<form action=\"\/e-voucher\/wp-json\/wp\/v2\/pages\/1974#wpcf7-f1983-o1\" method=\"post\" class=\"wpcf7-form init\" aria-label=\"Contact form\" novalidate=\"novalidate\" data-status=\"init\">\n<div style=\"display: none;\">\n<input type=\"hidden\" name=\"_wpcf7\" value=\"1983\" \/>\n<input type=\"hidden\" name=\"_wpcf7_version\" value=\"5.7.3\" \/>\n<input type=\"hidden\" name=\"_wpcf7_locale\" value=\"vi_VN\" \/>\n<input type=\"hidden\" name=\"_wpcf7_unit_tag\" value=\"wpcf7-f1983-o1\" \/>\n<input type=\"hidden\" name=\"_wpcf7_container_post\" value=\"0\" \/>\n<input type=\"hidden\" name=\"_wpcf7_posted_data_hash\" value=\"\" \/>\n<input type=\"hidden\" name=\"_wpcf7cf_hidden_group_fields\" value=\"[]\" \/>\n<input type=\"hidden\" name=\"_wpcf7cf_hidden_groups\" value=\"[]\" \/>\n<input type=\"hidden\" name=\"_wpcf7cf_visible_groups\" value=\"[]\" \/>\n<input type=\"hidden\" name=\"_wpcf7cf_repeaters\" value=\"[]\" \/>\n<input type=\"hidden\" name=\"_wpcf7cf_steps\" value=\"{}\" \/>\n<input type=\"hidden\" name=\"_wpcf7cf_options\" value=\"{&quot;form_id&quot;:1983,&quot;conditions&quot;:[],&quot;settings&quot;:{&quot;animation&quot;:&quot;yes&quot;,&quot;animation_intime&quot;:200,&quot;animation_outtime&quot;:200,&quot;conditions_ui&quot;:&quot;normal&quot;,&quot;notice_dismissed&quot;:false}}\" \/>\n<\/div>\n<p><span class=\"wpcf7-form-control-wrap submission_id-331\"><input class=\"wpcf7-form-control wpcf7-submission_id_hidden wpcf7-validates-as-number\" readonly=\"readonly\" aria-invalid=\"false\" value=\"VHC4465\" name=\"submission_id-331\" type=\"hidden\" \/><\/span><br \/>\n<label> H\u1ecd v\u00e0 t\u00ean \/ Your full name<br \/>\n<span class=\"wpcf7-form-control-wrap\" data-name=\"ho-ten\"><input size=\"40\" class=\"wpcf7-form-control wpcf7-text wpcf7-validates-as-required\" aria-required=\"true\" aria-invalid=\"false\" value=\"\" type=\"text\" name=\"ho-ten\" \/><\/span> <\/label>\n<\/p>\n<p><label> S\u1ed1 \u0111i\u1ec7n tho\u1ea1i \/ Your phone no<br \/>\n<span class=\"wpcf7-form-control-wrap\" data-name=\"so-dien-thoai\"><input class=\"wpcf7-form-control wpcf7-number wpcf7-validates-as-required wpcf7-validates-as-number\" aria-required=\"true\" aria-invalid=\"false\" value=\"\" type=\"number\" name=\"so-dien-thoai\" \/><\/span> <\/label>\n<\/p>\n<p><label> \u0110\u1ecba ch\u1ec9 Email \/ Email<br \/>\n<span class=\"wpcf7-form-control-wrap\" data-name=\"dia-chi-email\"><input size=\"40\" class=\"wpcf7-form-control wpcf7-text wpcf7-email wpcf7-validates-as-required wpcf7-validates-as-email\" aria-required=\"true\" aria-invalid=\"false\" value=\"\" type=\"email\" name=\"dia-chi-email\" \/><\/span> <\/label>\n<\/p>\n<p><label> H\u1ecd v\u00e0 t\u00ean ng\u01b0\u1eddi \u0111i c\u00f9ng (n\u1ebfu c\u00f3 - gi\u1edbi h\u1ea1n ch\u1ec9 1 ng\u01b0\u1eddi k\u00e8m theo) \/ Second participant (optional)<br \/>\n<span class=\"wpcf7-form-control-wrap\" data-name=\"ho-ten-nguoi-di-cung\"><input size=\"40\" class=\"wpcf7-form-control wpcf7-text\" aria-invalid=\"false\" value=\"\" type=\"text\" name=\"ho-ten-nguoi-di-cung\" \/><\/span> <\/label>\n<\/p>\n<p><span style=\"color: #ff0000;\"><strong>G\u1eecI C\u00c2U H\u1eceI \u0110\u1ebeN BS NGUY\u1ec4N V\u0128NH T\u01af\u1edcNG (n\u1ebfu c\u00f3)<br \/>\n<\/strong><\/span>\n<\/p>\n<p><span class=\"wpcf7-form-control-wrap\" data-name=\"cau-hoi\"><textarea cols=\"40\" rows=\"10\" class=\"wpcf7-form-control wpcf7-textarea\" aria-invalid=\"false\" name=\"cau-hoi\"><\/textarea><\/span>\n<\/p>\n<p><span class=\"wpcf7-form-control-wrap\" data-name=\"your-consent\"><span class=\"wpcf7-form-control wpcf7-acceptance\"><span class=\"wpcf7-list-item\"><label><input type=\"checkbox\" name=\"your-consent\" value=\"1\" aria-invalid=\"false\" \/><span class=\"wpcf7-list-item-label\">Vui l\u00f2ng x\u00e1c nh\u1eadn tr\u01b0\u1edbc khi \u0111\u0103ng k\u00fd: Nh\u1eb1m \u0111\u1ea3m b\u1ea3o s\u1ef1 chu\u1ea9n b\u1ecb chu \u0111\u00e1o nh\u1ea5t v\u00e0 v\u00ec s\u1ef1 ki\u1ec7n gi\u1edbi h\u1ea1n s\u1ed1 l\u01b0\u1ee3ng kh\u00e1ch tham d\u1ef1, Qu\u00fd kh\u00e1ch h\u00e0ng c\u1ea7n \u0111\u0103ng k\u00fd gi\u1eef ch\u1ed7 v\u1edbi m\u1ee9c ph\u00ed 200,000 VN\u0110\/ng\u01b0\u1eddi tham d\u1ef1. L\u01b0u \u00fd: Ph\u00ed gi\u1eef ch\u1ed7 s\u1ebd \u0111\u01b0\u1ee3c ho\u00e0n tr\u1ea3 l\u1ea1i to\u00e0n b\u1ed9 v\u00e0o sau s\u1ef1 ki\u1ec7n b\u1eb1ng h\u00ecnh th\u1ee9c chuy\u1ec3n kho\u1ea3n.<\/span><\/label><\/span><\/span><\/span>\n<\/p>\n<p><input class=\"wpcf7-form-control has-spinner wpcf7-submit\" type=\"submit\" value=\"\u0110\u0102NG K\u00dd GI\u1eee CH\u1ed6\" \/>\n<\/p><div class=\"wpcf7-response-output\" aria-hidden=\"true\"><\/div>\n<\/form>\n<\/div>\n\n","protected":false},"excerpt":{"rendered":"","protected":false},"author":1,"featured_media":0,"parent":0,"menu_order":0,"comment_status":"closed","ping_status":"closed","template":"","meta":{"footnotes":""},"class_list":["post-1974","page","type-page","status-publish","hentry"],"_links":{"self":[{"href":"https:\/\/victoriavn.com\/e-voucher\/wp-json\/wp\/v2\/pages\/1974","targetHints":{"allow":["GET"]}}],"collection":[{"href":"https:\/\/victoriavn.com\/e-voucher\/wp-json\/wp\/v2\/pages"}],"about":[{"href":"https:\/\/victoriavn.com\/e-voucher\/wp-json\/wp\/v2\/types\/page"}],"author":[{"embeddable":true,"href":"https:\/\/victoriavn.com\/e-voucher\/wp-json\/wp\/v2\/users\/1"}],"replies":[{"embeddable":true,"href":"https:\/\/victoriavn.com\/e-voucher\/wp-json\/wp\/v2\/comments?post=1974"}],"version-history":[{"count":16,"href":"https:\/\/victoriavn.com\/e-voucher\/wp-json\/wp\/v2\/pages\/1974\/revisions"}],"predecessor-version":[{"id":2044,"href":"https:\/\/victoriavn.com\/e-voucher\/wp-json\/wp\/v2\/pages\/1974\/revisions\/2044"}],"wp:attachment":[{"href":"https:\/\/victoriavn.com\/e-voucher\/wp-json\/wp\/v2\/media?parent=1974"}],"curies":[{"name":"wp","href":"https:\/\/api.w.org\/{rel}","templated":true}]}}