{"id":1675,"date":"2022-05-26T14:42:55","date_gmt":"2022-05-26T07:42:55","guid":{"rendered":"https:\/\/victoriavn.com\/e-voucher\/?page_id=1675"},"modified":"2023-02-10T16:22:22","modified_gmt":"2023-02-10T09:22:22","slug":"dang-ki-tu-van-chuong-trinh-cham-soc-suc-khoe-doanh-nghiep","status":"publish","type":"page","link":"https:\/\/victoriavn.com\/e-voucher\/dang-ki-tu-van-chuong-trinh-cham-soc-suc-khoe-doanh-nghiep\/","title":{"rendered":"\u0110\u0102NG K\u00cd T\u01af V\u1ea4N CH\u01af\u01a0NG TR\u00ccNH CH\u0102M S\u00d3C S\u1ee8C KHO\u1eba DOANH NGHI\u1ec6P"},"content":{"rendered":"\t<section class=\"section\" id=\"section_97855908\">\n\t\t<div class=\"bg section-bg fill bg-fill  bg-loaded\" >\n\n\t\t\t\n\t\t\t\n\t\t\t\n\n\t\t<\/div>\n\n\t\t<div class=\"section-content relative\">\n\t\t\t\n<p><img loading=\"lazy\" decoding=\"async\" class=\" wp-image-9924 aligncenter\" src=\"https:\/\/victoriavn.com\/khamtongquat\/wp-content\/uploads\/2020\/04\/logo_victora-01.png\" alt=\"\" width=\"261\" height=\"78\" \/><\/p>\n<div class=\"row\"  id=\"row-1096855866\">\n\n\t<div id=\"col-1934012964\" class=\"col small-12 large-12\"  >\n\t\t<div class=\"col-inner\"  >\n\t\t\t\n\t\t\t\n<h2 style=\"text-align: center;\"><span style=\"color: rgb(0, 142, 132);\">\u0110\u0102NG K\u00cd T\u01af V\u1ea4N CH\u01af\u01a0NG TR\u00ccNH CH\u0102M S\u00d3C S\u1ee8C KHO\u1eba DOANH NGHI\u1ec6P<\/span><\/h2>\n<p style=\"text-align: center;\"><strong>REGISTRATION FOR CORPORATE HEALTH-CHECK PROGRAM<\/strong><\/p>\n\n<div class=\"wpcf7 no-js\" id=\"wpcf7-f1965-o1\" lang=\"vi-VN\" dir=\"ltr\">\n<div class=\"screen-reader-response\"><p role=\"status\" aria-live=\"polite\" aria-atomic=\"true\"><\/p> <ul><\/ul><\/div>\n<form action=\"\/e-voucher\/wp-json\/wp\/v2\/pages\/1675#wpcf7-f1965-o1\" method=\"post\" class=\"wpcf7-form init\" aria-label=\"Contact form\" novalidate=\"novalidate\" data-status=\"init\">\n<div style=\"display: none;\">\n<input type=\"hidden\" name=\"_wpcf7\" value=\"1965\" \/>\n<input type=\"hidden\" name=\"_wpcf7_version\" value=\"5.7.3\" \/>\n<input type=\"hidden\" name=\"_wpcf7_locale\" value=\"vi_VN\" \/>\n<input type=\"hidden\" name=\"_wpcf7_unit_tag\" value=\"wpcf7-f1965-o1\" \/>\n<input type=\"hidden\" name=\"_wpcf7_container_post\" value=\"0\" \/>\n<input type=\"hidden\" name=\"_wpcf7_posted_data_hash\" value=\"\" \/>\n<input type=\"hidden\" name=\"_wpcf7cf_hidden_group_fields\" value=\"[]\" \/>\n<input type=\"hidden\" name=\"_wpcf7cf_hidden_groups\" value=\"[]\" \/>\n<input type=\"hidden\" name=\"_wpcf7cf_visible_groups\" value=\"[]\" \/>\n<input type=\"hidden\" name=\"_wpcf7cf_repeaters\" value=\"[]\" \/>\n<input type=\"hidden\" name=\"_wpcf7cf_steps\" value=\"{}\" \/>\n<input type=\"hidden\" name=\"_wpcf7cf_options\" value=\"{&quot;form_id&quot;:1965,&quot;conditions&quot;:[],&quot;settings&quot;:{&quot;animation&quot;:&quot;yes&quot;,&quot;animation_intime&quot;:200,&quot;animation_outtime&quot;:200,&quot;conditions_ui&quot;:&quot;normal&quot;,&quot;notice_dismissed&quot;:false}}\" \/>\n<\/div>\n<p><label> T\u00ean c\u00f4ng ty<br \/>\n<span class=\"wpcf7-form-control-wrap\" data-name=\"ten-cong-ty\"><input size=\"40\" class=\"wpcf7-form-control wpcf7-text wpcf7-validates-as-required\" aria-required=\"true\" aria-invalid=\"false\" value=\"\" type=\"text\" name=\"ten-cong-ty\" \/><\/span> <\/label>\n<\/p>\n<p><label> S\u1ed1 l\u01b0\u1ee3ng nh\u00e2n vi\u00ean<br \/>\n<span class=\"wpcf7-form-control-wrap\" data-name=\"so-luong-nhan-vien\"><input class=\"wpcf7-form-control wpcf7-number wpcf7-validates-as-required wpcf7-validates-as-number\" aria-required=\"true\" aria-invalid=\"false\" value=\"\" type=\"number\" name=\"so-luong-nhan-vien\" \/><\/span> <\/label>\n<\/p>\n<p><label> T\u00ean ng\u01b0\u1eddi li\u00ean h\u1ec7<br \/>\n<span class=\"wpcf7-form-control-wrap\" data-name=\"ten-nguoi-lien-he\"><input size=\"40\" class=\"wpcf7-form-control wpcf7-text wpcf7-validates-as-required\" aria-required=\"true\" aria-invalid=\"false\" value=\"\" type=\"text\" name=\"ten-nguoi-lien-he\" \/><\/span> <\/label>\n<\/p>\n<p><label> S\u1ed1 \u0111i\u1ec7n tho\u1ea1i<br \/>\n<span class=\"wpcf7-form-control-wrap\" data-name=\"so-dien-thoai\"><input class=\"wpcf7-form-control wpcf7-number wpcf7-validates-as-required wpcf7-validates-as-number\" aria-required=\"true\" aria-invalid=\"false\" value=\"\" type=\"number\" name=\"so-dien-thoai\" \/><\/span> <\/label>\n<\/p>\n<p><label> \u0110\u1ecba ch\u1ec9 Email (C\u00f4ng ty)<br \/>\n<span class=\"wpcf7-form-control-wrap\" data-name=\"dia-chi-email\"><input size=\"40\" class=\"wpcf7-form-control wpcf7-text wpcf7-email wpcf7-validates-as-required wpcf7-validates-as-email\" aria-required=\"true\" aria-invalid=\"false\" value=\"\" type=\"email\" name=\"dia-chi-email\" \/><\/span> <\/label>\n<\/p>\n<p><label> \u0110\u1ecba ch\u1ec9 Email (C\u00e1 nh\u00e2n)<br \/>\n<span class=\"wpcf7-form-control-wrap\" data-name=\"dia-chi-email-ca-nhan\"><input size=\"40\" class=\"wpcf7-form-control wpcf7-text wpcf7-email wpcf7-validates-as-email\" aria-invalid=\"false\" value=\"\" type=\"email\" name=\"dia-chi-email-ca-nhan\" \/><\/span> <\/label>\n<\/p>\n<p><label> Ghi ch\u00fa<br \/>\n<span class=\"wpcf7-form-control-wrap\" data-name=\"ghi-chu\"><textarea cols=\"40\" rows=\"10\" class=\"wpcf7-form-control wpcf7-textarea\" aria-invalid=\"false\" name=\"ghi-chu\"><\/textarea><\/span> <\/label>\n<\/p>\n<p><span class=\"wpcf7-form-control-wrap page-url\"><input size=\"40\" class=\"wpcf7-form-control wpcf7dtx-dynamictext wpcf7-dynamichidden\" aria-invalid=\"false\" value=\"https:\/\/victoriavn.com:443\/e-voucher\/wp-json\/wp\/v2\/pages\/1675\" type=\"hidden\" name=\"page-url\" \/><\/span>\n<\/p>\n<p>[b24_trace]<br \/>\n<input class=\"wpcf7-form-control has-spinner wpcf7-submit\" type=\"submit\" value=\"G\u1eedi \u0111i\" \/>\n<\/p><div class=\"wpcf7-response-output\" aria-hidden=\"true\"><\/div>\n<\/form>\n<\/div>\n\n\t\t<\/div>\n\t\t\t<\/div>\n\n\t\n<\/div>\n\t\t<\/div>\n\n\t\t\n<style>\n#section_97855908 {\n  padding-top: 30px;\n  padding-bottom: 30px;\n}\n<\/style>\n\t<\/section>\n\t\n","protected":false},"excerpt":{"rendered":"","protected":false},"author":1,"featured_media":1479,"parent":0,"menu_order":0,"comment_status":"closed","ping_status":"closed","template":"page-blank-landingpage.php","meta":{"footnotes":""},"class_list":["post-1675","page","type-page","status-publish","has-post-thumbnail","hentry"],"_links":{"self":[{"href":"https:\/\/victoriavn.com\/e-voucher\/wp-json\/wp\/v2\/pages\/1675","targetHints":{"allow":["GET"]}}],"collection":[{"href":"https:\/\/victoriavn.com\/e-voucher\/wp-json\/wp\/v2\/pages"}],"about":[{"href":"https:\/\/victoriavn.com\/e-voucher\/wp-json\/wp\/v2\/types\/page"}],"author":[{"embeddable":true,"href":"https:\/\/victoriavn.com\/e-voucher\/wp-json\/wp\/v2\/users\/1"}],"replies":[{"embeddable":true,"href":"https:\/\/victoriavn.com\/e-voucher\/wp-json\/wp\/v2\/comments?post=1675"}],"version-history":[{"count":5,"href":"https:\/\/victoriavn.com\/e-voucher\/wp-json\/wp\/v2\/pages\/1675\/revisions"}],"predecessor-version":[{"id":1966,"href":"https:\/\/victoriavn.com\/e-voucher\/wp-json\/wp\/v2\/pages\/1675\/revisions\/1966"}],"wp:featuredmedia":[{"embeddable":true,"href":"https:\/\/victoriavn.com\/e-voucher\/wp-json\/wp\/v2\/media\/1479"}],"wp:attachment":[{"href":"https:\/\/victoriavn.com\/e-voucher\/wp-json\/wp\/v2\/media?parent=1675"}],"curies":[{"name":"wp","href":"https:\/\/api.w.org\/{rel}","templated":true}]}}